{"id":88,"date":"2025-12-22T15:35:59","date_gmt":"2025-12-22T14:35:59","guid":{"rendered":"https:\/\/www.berrand-sarl.fr\/EnR\/?page_id=88"},"modified":"2026-03-18T15:03:04","modified_gmt":"2026-03-18T14:03:04","slug":"qui-sommes-nous","status":"publish","type":"page","link":"https:\/\/www.berrand-sarl.fr\/EnR\/qui-sommes-nous\/","title":{"rendered":"Qui sommes nous : votre plombier chauffagiste"},"content":{"rendered":"<div class=\"wp-block-image is-style-rounded\">\n<figure class=\"alignright size-full is-resized\" id=\"-Haut_de_page\"><a href=\"#Haut_de_page\" rel=\"Bouton haut page\"><img loading=\"lazy\" decoding=\"async\" width=\"40\" height=\"40\" src=\"https:\/\/www.berrand-sarl.fr\/EnR\/wp-content\/uploads\/2026\/04\/bas-page.jpg\" alt=\"Bouton bas page\" class=\"wp-image-15962\" style=\"width:40px;height:auto\" title=\"Vers bas de page\"\/><\/a><\/figure>\n<\/div>\n\n<div class=\"wp-block-image\">\n<figure class=\"aligncenter size-thumbnail\"><img loading=\"lazy\" decoding=\"async\" width=\"150\" height=\"150\" src=\"https:\/\/www.berrand-sarl.fr\/EnR\/wp-content\/uploads\/2020\/09\/BERRAND_SARL_2017-150x150.jpg\" alt=\"Logo Berrand Sarl\" class=\"wp-image-5634\"\/><figcaption class=\"wp-element-caption\">Logo Berrand Sarl <\/figcaption><\/figure>\n<\/div>\n\n\n<h2 class=\"wp-block-heading has-text-align-center has-text-color\" style=\"color:#6a1a1c;font-size:49px\"><em><strong>Entreprise BERRAND sarl<\/strong><\/em><\/h2>\n\n\n\n<h2 class=\"wp-block-heading has-text-align-center has-vivid-purple-color has-text-color\"><strong>3 g\u00e9n\u00e9rations se succ\u00e8dent depuis 70 ANS&nbsp;pour VOUS SERVIR:<\/strong><\/h2>\n\n\n\n<p class=\"has-text-align-center has-text-color\" style=\"color:#028c12;font-size:18px\">\u2022<strong> F\u00e9vrier 1956<\/strong> : Cr\u00e9ation de l&#8217;entreprise paternelle BERRAND Emile.<\/p>\n\n\n\n<p class=\"has-text-align-center has-text-color\" style=\"color:#028c12;font-size:18px\">\u2022 <strong>Juillet 1986<\/strong> : Cr\u00e9ation de Ent. Guy BERRAND.<\/p>\n\n\n\n<p class=\"has-text-align-center has-text-color\" style=\"color:#028c12;font-size:18px\">\u2022 <strong>Avril 2006 :<\/strong> Cr\u00e9ation de Ent. BERRAND SARL.<\/p>\n\n\n\n<p class=\"has-text-align-center has-text-color\" style=\"color:#028c12;font-size:18px\">\u2022 <strong>Janvier 2010<\/strong> : Changement de g\u00e9rant de Ent. BERRAND SARL: Thierry BERRAND.<\/p>\n\n\n\n<h3 class=\"wp-block-heading has-text-align-center has-text-color has-medium-font-size\" style=\"color:#028c12\"><strong>EFFECTIF ACTUEL:&nbsp;5 PERSONNES \u00c0 VOTRE SERVICE<\/strong><\/h3>\n\n\n\n<p class=\"has-text-align-center has-text-color has-medium-font-size\" style=\"color:#7900a3\">\u2022 G\u00e9rant et technico-commercial : <strong>Thierry BERRAND<\/strong><\/p>\n\n\n\n<p class=\"has-text-align-center has-text-color has-medium-font-size\" style=\"color:#7900a3\">\u2022 Secr\u00e9tariat : Pierrette BERRAND<\/p>\n\n\n\n<p class=\"has-text-align-center has-text-color has-medium-font-size\" style=\"color:#7900a3\">\u2022 Comptabilit\u00e9: ABC Gestion (Centre agr\u00e9\u00e9)<\/p>\n\n\n\n<h2 class=\"wp-block-heading has-text-align-center\" style=\"font-size:25px\"><strong><mark style=\"background-color:rgba(0, 0, 0, 0);color:#1f09f4\" class=\"has-inline-color\">2 compagnons professionnels: <\/mark><\/strong><\/h2>\n\n\n\n<p class=\"has-text-align-center has-medium-font-size\"><strong>. 1<\/strong> <strong>Technicien d\u00e9panneur \/ installateur confirm\u00e9 avec le : <\/strong><\/p>\n\n\n\n<p class=\"has-text-align-center\" style=\"font-size:19px\"><strong><a href=\"https:\/\/www.afpa.fr\/idees-metier\/technicien-de-maintenance-en-chauffage-et-climatisation?articleId=15402134\">Titre professionnel AFPA TMECCER<\/a><\/strong><\/p>\n\n\n\n<figure class=\"wp-block-gallery has-nested-images columns-3 is-cropped wp-block-gallery-2 is-layout-flex wp-block-gallery-is-layout-flex\">\n<figure class=\"wp-block-image size-large\"><img loading=\"lazy\" decoding=\"async\" width=\"150\" height=\"151\" data-id=\"113\" src=\"https:\/\/www.berrand-sarl.fr\/EnR\/wp-content\/uploads\/2019\/01\/Milou-Berrand.818.jpg\" alt=\"Emile Berrand (Fondateur)\" class=\"wp-image-113\"\/><figcaption class=\"wp-element-caption\">Milou Berrand (DCD)<\/figcaption><\/figure>\n\n\n\n<figure class=\"wp-block-image size-large\"><img loading=\"lazy\" decoding=\"async\" width=\"367\" height=\"378\" data-id=\"126\" src=\"https:\/\/www.berrand-sarl.fr\/EnR\/wp-content\/uploads\/2019\/01\/Guy_Berrand.jpg\" alt=\"Guy Berrand (G\u00e9n\u00e9ration 2)\" class=\"wp-image-126\" srcset=\"https:\/\/www.berrand-sarl.fr\/EnR\/wp-content\/uploads\/2019\/01\/Guy_Berrand.jpg 367w, https:\/\/www.berrand-sarl.fr\/EnR\/wp-content\/uploads\/2019\/01\/Guy_Berrand-291x300.jpg 291w\" sizes=\"auto, (max-width: 367px) 100vw, 367px\" \/><figcaption class=\"wp-element-caption\">Guy Berrand (retrait\u00e9)<\/figcaption><\/figure>\n\n\n\n<figure class=\"wp-block-image size-large\"><img loading=\"lazy\" decoding=\"async\" width=\"680\" height=\"1000\" data-id=\"4047\" src=\"https:\/\/www.berrand-sarl.fr\/EnR\/wp-content\/uploads\/2020\/03\/T_B_mars_-2020.jpg\" alt=\"The big boss\" class=\"wp-image-4047\" srcset=\"https:\/\/www.berrand-sarl.fr\/EnR\/wp-content\/uploads\/2020\/03\/T_B_mars_-2020.jpg 680w, https:\/\/www.berrand-sarl.fr\/EnR\/wp-content\/uploads\/2020\/03\/T_B_mars_-2020-204x300.jpg 204w\" sizes=\"auto, (max-width: 680px) 100vw, 680px\" \/><figcaption class=\"wp-element-caption\">The big boss : Thierry Berrand<\/figcaption><\/figure>\n<\/figure>\n\n\n\n<blockquote class=\"wp-block-quote is-layout-flow wp-block-quote-is-layout-flow\">\n<p class=\"has-text-align-center\"><mark style=\"background-color:rgba(0, 0, 0, 0)\" class=\"has-inline-color has-vivid-purple-color\">Les 3 dirigeants depuis 1956<\/mark><\/p>\n<\/blockquote>\n\n\n\n<div style=\"height:33px\" aria-hidden=\"true\" class=\"wp-block-spacer\"><\/div>\n\n\n\n<h3 class=\"wp-block-heading has-text-color has-large-font-size\" style=\"color:#028c12\">Editorial <\/h3>\n\n\n\n<p>&nbsp;C&#8217;est avec une immense fiert\u00e9 que je prends le relais en tant que troisi\u00e8me g\u00e9n\u00e9ration de plombier-chauffagiste dans notre famille, en dirigeant l&#8217;entreprise. Nous faisons face \u00e0 une nouvelle crise, semblable \u00e0 celles que nous avons d\u00e9j\u00e0 surmont\u00e9es. Le p\u00e9trole et l&#8217;argent continuent de dominer le monde, et leurs fluctuations impactent les populations. L&#8217;artisanat est mis \u00e0 l&#8217;\u00e9preuve, mais il saura s&#8217;adapter et surmonter cette situation, tout comme nous. Je souhaite exprimer ma gratitude \u00e0 notre pr\u00e9cieuse client\u00e8le pour sa confiance et pour appr\u00e9cier la qualit\u00e9 des travaux que vous me confiez.<\/p>\n\n\n\n<h3 class=\"wp-block-heading has-text-align-center has-luminous-vivid-orange-color has-text-color\"><strong>Nos activit\u00e9s sont \u00e0 d\u00e9couvrir en visitant le site<\/strong><\/h3>\n\n\n\n<p style=\"font-size:14px\">L&#8217;entreprise a d\u00e9cid\u00e9 de se concentrer sur des domaines sp\u00e9cifiques, abandonnant la couverture et la zinguerie qui \u00e9taient prosp\u00e8res \u00e0 l&#8217;\u00e9poque de mon grand-p\u00e8re. En croyant fermement que l&#8217;on excelle dans ce que l&#8217;on ma\u00eetrise, nous avons choisi de nous sp\u00e9cialiser exclusivement dans le <strong><a href=\"https:\/\/www.berrand-sarl.fr\/EnR\/chauffage-central-a-eau-chaude\/\">chauffage central \u00e0 eau chaude<\/a>,<\/strong> ainsi que la <a href=\"https:\/\/www.berrand-sarl.fr\/EnR\/plomberie-sanitaire\/\"><strong>plomberie\/sanitaire<\/strong><\/a> et leurs applications connexes, telles que la <strong><a href=\"https:\/\/www.berrand-sarl.fr\/EnR\/climatisation-des-locaux\/\">climatisation<\/a><\/strong>, le <a href=\"https:\/\/www.berrand-sarl.fr\/EnR\/le-solaire-thermique-production-de-chaleur\/\"><strong>solaire thermique<\/strong><\/a>, la <a href=\"https:\/\/www.berrand-sarl.fr\/EnR\/ventilation-locaux\/\"><strong>ventilation des locaux<\/strong><\/a>. Nous avons opt\u00e9 pour maintenir un haut niveau de comp\u00e9tence dans ces secteurs.<\/p>\n\n\n\n<p style=\"font-size:14px\">Aujourd&#8217;hui, l&#8217;\u00e9cologie est devenue une pr\u00e9occupation majeure. Le <strong><a href=\"https:\/\/www.berrand-sarl.fr\/EnR\/capteurs-plans\/\">Chauffe Eau Solaire Individuel<\/a>&nbsp;<\/strong>(<a href=\"https:\/\/www.berrand-sarl.fr\/EnR\/le-solaire-thermique-production-de-chaleur\/\">CESI<\/a>) et le <a href=\"https:\/\/www.berrand-sarl.fr\/EnR\/chauffage-solaire-thermique\/\"><strong>Syst\u00e8me Solaire Combin\u00e9&nbsp;chauffage + eau chaude sanitaire<\/strong><\/a> (<a href=\"https:\/\/www.berrand-sarl.fr\/EnR\/chauffage-solaire-thermique\/\">SSC<\/a>), pour le <a href=\"https:\/\/www.berrand-sarl.fr\/EnR\/chauffage-central-a-eau-chaude\/\">chauffage<\/a> et l&#8217;eau chaude sanitaire connaissent un regain d&#8217;int\u00e9r\u00eat \u00e0 l&#8217;\u00e9chelle nationale avec parfois des subventions. Mais cette tendance est-elle durable ? Cela nous a permis de redynamiser cette activit\u00e9, atteignant un niveau qu&#8217;elle n&#8217;aurait jamais d\u00fb abandonner. Gr\u00e2ce \u00e0 notre expertise, nous avons pris une avance significative sur nos concurrents, avec un nombre d&#8217;installations en service depuis 1979 qui t\u00e9moigne de notre savoir-faire.<\/p>\n\n\n\n<p class=\"has-text-align-center has-text-color\" style=\"color:#5a03fb;font-size:18px\"><strong>Pensez, plus de 500 m\u00b2 de capteurs solaires thermiques ont \u00e9t\u00e9 install\u00e9s par nos soins!<\/strong><\/p>\n\n\n\n<p style=\"font-size:14px\"><strong>Nous ma\u00eetrisons \u00e9galement l&#8217;a\u00e9ration des locaux gr\u00e2ce \u00e0 des syst\u00e8mes de<\/strong> <a href=\"https:\/\/www.berrand-sarl.fr\/EnR\/ventilation-locaux\/\"><strong>Ventilation m\u00e9canique contr\u00f4l\u00e9e <\/strong><\/a> qu&#8217;elle soit simple ou <strong><a href=\"https:\/\/www.berrand-sarl.fr\/EnR\/ventilation-locaux\/\">double flux<\/a>,<\/strong> ainsi que l&#8217;<strong><a href=\"https:\/\/www.berrand-sarl.fr\/EnR\/aspiration-centralisee\/\">aspiration centralis\u00e9e<\/a><\/strong>. <strong>En ce qui concerne la <a href=\"https:\/\/www.berrand-sarl.fr\/EnR\/les-poeles-a-bois-buches\/\">biomasse<\/a>, nous proposons des solutions<\/strong> avec le <a href=\"https:\/\/www.berrand-sarl.fr\/EnR\/les-poeles-a-bois-buches\/\"><strong>bois buches<\/strong><\/a><strong> <\/strong>ou<strong><a href=\"https:\/\/www.berrand-sarl.fr\/EnR\/poeles-a-granules-de-bois\/\" data-type=\"page\" data-id=\"4676\"> les pellets<\/a><\/strong> ainsi que les <a href=\"https:\/\/www.berrand-sarl.fr\/EnR\/chaudiere-a-granules-de-bois-pellets\/\"><strong>chaudi\u00e8res granul\u00e9s bois<\/strong><\/a>. De plus nous sommes experts en  <a href=\"https:\/\/www.berrand-sarl.fr\/EnR\/la-pompe-a-chaleur\/\"><strong>pompes \u00e0 chaleur<\/strong><\/a> et&nbsp;la <a href=\"https:\/\/www.berrand-sarl.fr\/EnR\/climatisation-des-locaux\/\"><strong>Climatisation<\/strong><\/a>.<\/p>\n\n\n\n<h3 class=\"wp-block-heading has-text-align-center has-luminous-vivid-orange-color has-text-color\"><strong>La formation:<\/strong><\/h3>\n\n\n\n<p style=\"font-size:14px\">&nbsp;La formation continue (oui, nous retournons \u00e0 l&#8217;\u00e9cole plusieurs fois par an !) nous permet de rester inform\u00e9s des r\u00e9glementations, des technologies et des produits innovants. L&#8217;obtention des labels <a href=\"https:\/\/www.qualibat.com\/\"><strong>QUALIBAT<\/strong><\/a>,&nbsp; <a href=\"https:\/\/www.lesprofessionnelsdugaz.com\/\"><strong>P.G.<\/strong><\/a> (<strong>Professionnel du ga<\/strong>z), <strong><a href=\"https:\/\/www.berrand-sarl.fr\/EnR\/la-pompe-a-chaleur\/\" data-type=\"page\" data-id=\"3706\">QualiPAC<\/a>,<\/strong> pour notre entreprise atteste de qualifications reconnues par les professionnels du b\u00e2timent, faisant de nous une entreprise ax\u00e9e sur la haute qualit\u00e9 de nos services. Nous sommes justement reconnus par notre client\u00e8le pour la satisfaction que nous offrons \u00e0 chacun. Les <a href=\"https:\/\/www.berrand-sarl.fr\/EnR\/\">\u00e9nergies renouvelables<\/a> sont en plein essor, et notre entreprise d\u00e9tient des qualifications depuis plus de 15 ans..<\/p>\n\n\n\n<p class=\"has-text-align-center\" style=\"font-size:18px\"><a href=\"https:\/\/www.qualibat.com\/\"><strong>QUALIBAT<\/strong><\/a>,&nbsp;reconnu Garant de l&#8217;environnement.<\/p>\n\n\n\n<p style=\"font-size:14px\">La r\u00e9glementation concernant les <a href=\"https:\/\/www.berrand-sarl.fr\/EnR\/chauffage-au-gaz-naturel\/\"><strong>installations de GAZ<\/strong><\/a> , devient de plus en plus complexe et pr\u00e9cise, ce qui nous oblige \u00e0 ne pas n\u00e9gliger cet aspect hautement r\u00e9glement\u00e9 de notre profession, essentiel pour la s\u00e9curit\u00e9 de nos clients. Cela a \u00e9volu\u00e9 pour devenir l&#8217;une des principales sources de formation au sein de notre entreprise.<\/p>\n\n\n\n<p style=\"font-size:14px\">D\u00e8s 1988, nous avons fait le saut vers l&#8217;informatique, nous positionnant ainsi parmi les pionniers des petites entreprises du b\u00e2timent dans ce secteur. Fini la machine \u00e0 \u00e9crire, place \u00e0 l&#8217;ordinateur avec ses avantages et ses d\u00e9fis ! Nous pensons avoir une bonne ma\u00eetrise de cet outil, mais m\u00eame en tant qu&#8217;autodidactes, la formation continue reste indispensable.<\/p>\n\n\n\n<h3 class=\"wp-block-heading has-text-align-center has-luminous-vivid-orange-color has-text-color\"><strong>L&#8217;avenir:<\/strong><\/h3>\n\n\n\n<p style=\"font-size:14px\">Le d\u00e9fi complexe des 35 heures, instaur\u00e9 dans notre entreprise depuis septembre 2001, a n\u00e9cessit\u00e9 une r\u00e9organisation de nos horaires et a profond\u00e9ment modifi\u00e9 notre mani\u00e8re de travailler, impactant ainsi notre service \u00e0 votre \u00e9gard. Nous nous effor\u00e7ons toujours de vous satisfaire, parfois au d\u00e9triment de notre vie personnelle. Nous esp\u00e9rons pouvoir continuer \u00e0 le faire pendant de nombreuses ann\u00e9es, dans des conditions qui soient acceptables pour tous.<\/p>\n\n\n\n<h3 class=\"wp-block-heading has-text-align-center has-luminous-vivid-orange-color has-text-color\"><strong>Le personnel:<\/strong><\/h3>\n\n\n\n<p style=\"font-size:14px\">En juin 1986, l&#8217;entreprise comptait 6 salari\u00e9s dans les domaines de la couverture\/zinguerie et du sanitaire\/chauffage. Aujourd&#8217;hui, elle n&#8217;en compte plus que 4 uniquement dans les comp\u00e9tences d\u00e9crites plus haut. Plusieurs apprentis, form\u00e9s avec succ\u00e8s, ont choisi de poursuivre d&#8217;autres opportunit\u00e9s. Certains d&#8217;entre eux sont d\u00e9sormais des chefs d&#8217;entreprise reconnus dans notre r\u00e9gion, ce dont nous sommes tr\u00e8s fiers, et nous entretenons d&#8217;excellentes relations avec eux.<\/p>\n\n\n\n<p style=\"font-size:14px\">L&#8217;\u00e9quipe s&#8217;est \u00e9toff\u00e9e avec des techniciens exp\u00e9riment\u00e9s, afin d&#8217;assurer l&#8217;entretien et le <a href=\"https:\/\/www.berrand-sarl.fr\/EnR\/entretien-de-chaudieres\/\">d\u00e9pannage<\/a> des chaudi\u00e8res \u00e0 gaz, <a href=\"https:\/\/www.berrand-sarl.fr\/EnR\/chauffage-au-fioul-domestique\/\">fioul<\/a>, pompes \u00e0 chaleur ainsi que des syst\u00e8mes de <a href=\"https:\/\/www.berrand-sarl.fr\/EnR\/climatisation-des-locaux\/\">climatisation<\/a> et d&#8217;\u00e9nergies renouvelables pour le parc d&#8217;installations de notre client\u00e8le.<\/p>\n\n\n\n<h3 class=\"wp-block-heading has-text-align-center has-vivid-red-color has-text-color\"><strong>Notre statut commercial a \u00e9volu\u00e9 :<\/strong><\/h3>\n\n\n\n<p>&nbsp;Si vous n&#8217;\u00eates pas encore au courant, afin de garantir la continuit\u00e9 et la durabilit\u00e9 de l&#8217;entreprise, nous avons chang\u00e9 notre statut commercial depuis avril 2006 en proc\u00e9dant \u00e0 sa cr\u00e9ation.<\/p>\n\n\n\n<p class=\"has-text-align-center has-text-color has-x-large-font-size\" style=\"color:#1804fb\"><strong>la soci\u00e9t\u00e9: BERRAND s.a.r.l.<\/strong><\/p>\n\n\n\n<p style=\"font-size:14px\">Rien ne change pour nos clients. Nous restons \u00e0 votre disposition, toujours avec la m\u00eame d\u00e9termination<\/p>\n\n\n\n<p>&nbsp;\u00c7\u00e0 bouge chez les Berrand !&#8230;<\/p>\n\n\n\n<p class=\"has-text-color\" style=\"color:#af0098;font-size:18px\"><strong>La 3 \u00e8me g\u00e9n\u00e9ration de plombier est en marche!<\/strong><\/p>\n\n\n\n<p class=\"has-text-color\"><strong>Amicalement. Votre plombier chauffagiste :<\/strong> Thierry BERRAND<\/p>\n\n\n<div class=\"wp-block-image is-style-rounded\">\n<figure class=\"alignright size-full\" id=\"Haut_de_page\"><a href=\"#\"><img loading=\"lazy\" decoding=\"async\" width=\"40\" height=\"40\" src=\"https:\/\/www.berrand-sarl.fr\/EnR\/wp-content\/uploads\/2026\/04\/haut-page.jpg\" alt=\"Bouton haut page\" class=\"wp-image-15961\" title=\"Bouton vers haut de page\"\/><\/a><\/figure>\n<\/div>","protected":false},"excerpt":{"rendered":"<p>3 g\u00e9n\u00e9rations se succ\u00e8dent depuis 64 ANS pour VOUS SERVIR:\ufeff<\/p>\n","protected":false},"author":1,"featured_media":0,"parent":0,"menu_order":0,"comment_status":"closed","ping_status":"closed","template":"","meta":{"_seopress_robots_primary_cat":"","_seopress_titles_title":"Qui sommes nous : votre plombier chauffagiste","_seopress_titles_desc":"Les labels QUALIBAT, Professionnel du gaz, attest\u00e9s par les professionnels font que notre entreprise est tourn\u00e9e vers la haute qualit\u00e9.","_seopress_robots_index":"","_themeisle_gutenberg_block_has_review":false,"footnotes":""},"class_list":["post-88","page","type-page","status-publish","hentry"],"_links":{"self":[{"href":"https:\/\/www.berrand-sarl.fr\/EnR\/wp-json\/wp\/v2\/pages\/88","targetHints":{"allow":["GET"]}}],"collection":[{"href":"https:\/\/www.berrand-sarl.fr\/EnR\/wp-json\/wp\/v2\/pages"}],"about":[{"href":"https:\/\/www.berrand-sarl.fr\/EnR\/wp-json\/wp\/v2\/types\/page"}],"author":[{"embeddable":true,"href":"https:\/\/www.berrand-sarl.fr\/EnR\/wp-json\/wp\/v2\/users\/1"}],"replies":[{"embeddable":true,"href":"https:\/\/www.berrand-sarl.fr\/EnR\/wp-json\/wp\/v2\/comments?post=88"}],"version-history":[{"count":0,"href":"https:\/\/www.berrand-sarl.fr\/EnR\/wp-json\/wp\/v2\/pages\/88\/revisions"}],"wp:attachment":[{"href":"https:\/\/www.berrand-sarl.fr\/EnR\/wp-json\/wp\/v2\/media?parent=88"}],"curies":[{"name":"wp","href":"https:\/\/api.w.org\/{rel}","templated":true}]}}