{"id":6796,"date":"2025-04-14T11:49:04","date_gmt":"2025-04-14T09:49:04","guid":{"rendered":"https:\/\/www.berrand-sarl.fr\/EnR\/?page_id=6796"},"modified":"2026-03-02T17:52:03","modified_gmt":"2026-03-02T16:52:03","slug":"chaudiere-tres-haute-performance-energetique-condensation","status":"publish","type":"page","link":"https:\/\/www.berrand-sarl.fr\/EnR\/chaudiere-tres-haute-performance-energetique-condensation\/","title":{"rendered":"Chaudi\u00e8re \u00e0 Tr\u00e8s Haute Performance Energ\u00e9tique"},"content":{"rendered":"<div class=\"wp-block-image is-style-rounded\">\n<figure class=\"alignright size-full is-resized\" id=\"-Haut_de_page\"><a href=\"#Haut_de_page\" rel=\"Bouton haut page\"><img loading=\"lazy\" decoding=\"async\" width=\"40\" height=\"40\" src=\"https:\/\/www.berrand-sarl.fr\/EnR\/wp-content\/uploads\/2026\/04\/bas-page.jpg\" alt=\"Bouton bas page\" class=\"wp-image-15962\" style=\"width:40px;height:auto\" title=\"Vers bas de page\"\/><\/a><\/figure>\n<\/div>\n\n\n<h2 class=\"wp-block-heading has-text-align-center has-vivid-purple-color has-text-color has-large-font-size\" id=\"la-tres-haute-performance-energetique-thpe\"><strong><mark style=\"background-color:rgba(0, 0, 0, 0)\" class=\"has-inline-color has-vivid-purple-color\">La <a href=\"https:\/\/www.berrand-sarl.fr\/EnR\/chauffage-au-gaz-naturel\/\">Tr\u00e8s Haute Performance Energ\u00e9tique<\/a> (THPE, dite &#8220;\u00e0 condensation&#8221;)<\/mark><\/strong><\/h2>\n\n\n\n<p><mark style=\"background-color:rgba(0, 0, 0, 0);color:#002ea3\" class=\"has-inline-color\"><strong>On distingue aujourd\u2019hui diff\u00e9rentes technologies pour les chaudi\u00e8res de <a href=\"https:\/\/www.berrand-sarl.fr\/EnR\/\">chauffage central<\/a> : la condensation (THPE) et la <a href=\"https:\/\/www.berrand-sarl.fr\/EnR\/plancher-chauffant-basse-temperature-pcbt\/\">basse temp\u00e9rature<\/a> Bas NOx<\/strong><\/mark>.<\/p>\n\n\n\n<p>La chaudi\u00e8re \u00e0 <strong><a href=\"https:\/\/www.berrand-sarl.fr\/EnR\/chauffage-au-gaz-naturel\/\"><mark style=\"background-color:rgba(0, 0, 0, 0);color:#0620e5\" class=\"has-inline-color\">Tr\u00e8s Haute Performance Energ\u00e9tique (THPE)<\/mark> <\/a><\/strong>dite &#8220;\u00e0 condensation&#8221;, \u00e0 l&#8217;oppos\u00e9 de la chaudi\u00e8re classique dite &#8220;basse temp\u00e9rature&#8221; qui elle est g\u00e9n\u00e9ralement raccord\u00e9e \u00e0 un conduit de fum\u00e9e, r\u00e9cup\u00e8re la chaleur issue des gaz de combustion. Pour installer une <strong><a href=\"https:\/\/www.berrand-sarl.fr\/EnR\/chauffage-au-gaz-naturel\/\"><mark style=\"background-color:rgba(0, 0, 0, 0);color:#0620e5\" class=\"has-inline-color\">chaudi\u00e8re \u00e0 condensation<\/mark><\/a><\/strong> il sera imp\u00e9ratif de &#8220;<strong><a href=\"https:\/\/www.poujoulat.fr\/fr\/nos-solutions\/maison-individuelle\/tuber\/conduits-de-tubage\/flexcondens#\"><mark style=\"background-color:rgba(0, 0, 0, 0);color:#0620e5\" class=\"has-inline-color\">tuber le conduit<\/mark><\/a><\/strong>&#8221; de fum\u00e9e existant avec un mat\u00e9riaux r\u00e9sistant \u00e0 la corrosion, c&#8217;est \u00e0 dire un tubage en polypropyl\u00e8ne r\u00e9sistant \u00e0 des temp\u00e9ratures de fum\u00e9e jusqu\u2019\u00e0 120\u00b0C, et non en flexible aluminium ou inox, comme cela peut l&#8217;\u00eatre parfois pour la chaudi\u00e8re basse temp\u00e9rature. Elle s&#8217;installe aussi le plus souvent gr\u00e2ce \u00e0 une &#8220;<strong><a href=\"https:\/\/www.berrand-sarl.fr\/EnR\/la-chaudiere-dite-ventouse\/\"><mark style=\"background-color:rgba(0, 0, 0, 0);color:#0620e5\" class=\"has-inline-color\">sortie ventouse<\/mark><\/a><\/strong>&#8220;, syst\u00e8me moins couteux \u00e0 l&#8217;installation qu&#8217;avec un tubage en polypropyl\u00e8ne. Voir le principe de fonctionnement dans la vid\u00e9o ci-dessous.<\/p>\n\n\n\n<h2 class=\"wp-block-heading has-text-align-center has-vivid-purple-color has-text-color\" id=\"fonctionnement-de-la-technologie-dite-a-condensation\"><strong>Fonctionnement de la technologie dite \u00e0 condensation<\/strong><\/h2>\n\n\n\n\n\n<p class=\"has-black-color has-text-color\">La combustion du <a href=\"https:\/\/www.berrand-sarl.fr\/EnR\/chauffage-au-gaz-naturel\/\">gaz naturel<\/a> ou <a href=\"https:\/\/www.berrand-sarl.fr\/EnR\/chauffage-au-gaz-naturel\/\">propane<\/a> g\u00e9n\u00e8re de la vapeur d\u2019eau dont la chaleur latente est r\u00e9cup\u00e9r\u00e9e pour \u00eatre renvoy\u00e9e vers votre circuit <a href=\"https:\/\/www.berrand-sarl.fr\/EnR\/chauffage-central-a-eau-chaude\/\">chauffage<\/a>, cr\u00e9ant ainsi une \u00e9conomie d&#8217;\u00e9nergie substantielle. Cette \u00e9nergie r\u00e9cup\u00e9r\u00e9e, donc &#8220;\u2009gratuite&#8221;, peut faire baisser jusqu&#8217;\u00e0 30% votre facture de chauffage central par rapport \u00e0 une chaudi\u00e8re ancienne g\u00e9n\u00e9ration. Cette installation ne doit \u00eatre r\u00e9alis\u00e9e que par un professionnel qualifi\u00e9 : <strong><a href=\"https:\/\/lesprofessionnelsdugaz.com\/\"><mark style=\"background-color:rgba(0, 0, 0, 0);color:#0620e5\" class=\"has-inline-color\">Professionnel du Gaz (PG)<\/mark><\/a><\/strong><mark style=\"background-color:rgba(0, 0, 0, 0)\" class=\"has-inline-color has-vivid-cyan-blue-color\"> <\/mark>qui appliquera les normes DTU, en respect de la l\u00e9gislation en vigueur. Dans tous les cas, le professionnel retenu devra \u00eatre RGE c\u2019est-\u00e0-dire &#8220;<strong><mark style=\"background-color:rgba(0, 0, 0, 0);color:#0620e5\" class=\"has-inline-color\">Reconnu Garant de l\u2019Environnement<\/mark><\/strong>&#8220;, ce qui est le cas de l&#8217;entreprise <strong><a href=\"https:\/\/www.berrand-sarl.fr\/EnR\/\"><span class=\"highlight\"><mark style=\"background-color:rgba(0, 0, 0, 0);color:#3335d8\" class=\"has-inline-color\">BERRAND sarl<\/mark><\/span><\/a><\/strong>.<\/p>\n\n\n\n<h2 class=\"wp-block-heading has-text-align-center has-vivid-purple-color has-text-color\" id=\"avantages-de-la-chaudiere-tres-haute-performance-energetique\"><strong>Avantages de la chaudi\u00e8re tr\u00e8s haute performance \u00e9nerg\u00e9tique<\/strong><\/h2>\n\n\n\n<p>Les <strong><a href=\"https:\/\/www.frisquet.com\/fr\/chaudiere-gaz-condensation-hydromotrix-20-kw_60.html\"><span style=\"color:#0620e5\" class=\"has-inline-color\">chaudi\u00e8res \u00e0 Tr\u00e8s Haute Performance Energ\u00e9tique<\/span><\/a><\/strong> (THPE) ont beaucoup d&#8217;avantages et peu d&#8217;inconv\u00e9nients. Un<strong><a href=\"https:\/\/www.berrand-sarl.fr\/EnR\/entretien-de-chaudieres\/\"> <span style=\"color:#0620e5\" class=\"has-inline-color\">entretien annuel obligatoire<\/span><\/a><\/strong> comme sur tout syst\u00e8me de chauffage vous assurera d\u2019une utilisation en toute s\u00e9curit\u00e9.<\/p>\n\n\n\n<h3 class=\"wp-block-heading has-text-align-center has-vivid-purple-color has-text-color has-medium-font-size\" id=\"moins-energivore-plus-performante\"><strong>Moins \u00e9nergivore, plus performante<\/strong><\/h3>\n\n\n\n<p>La&nbsp;chaudi\u00e8re \u00e0 condensation&nbsp;consomme donc moins de gaz que les anciennes chaudi\u00e8res pour un confort bien sup\u00e9rieur, son rendement approchant souvent les 110% (maximum) gr\u00e2ce \u00e0 la technologie de r\u00e9cup\u00e9ration de la chaleur latente pr\u00e9sente dans les gaz de combustion.<strong><br><\/strong>Par cons\u00e9quent elle rejette par moins de CO\u00b2 dans l\u2019atmosph\u00e8re ainsi que moins d&#8217;oxydes d\u2019azote, la rendant plus respectueuse de l\u2019environnement dans la logique du <strong><mark style=\"background-color:rgba(0, 0, 0, 0);color:#0620e5\" class=\"has-inline-color\">D\u00e9veloppement Durable<\/mark><\/strong>.<\/p>\n\n\n\n<h2 class=\"wp-block-heading has-text-align-center has-vivid-purple-color has-text-color has-large-font-size\" id=\"aides-financieres-a-la-cle\"><strong>Aides financi\u00e8res \u00e0 la cl\u00e9<\/strong><\/h2>\n\n\n\n<h2 class=\"wp-block-heading has-text-align-center has-white-color has-text-color has-background has-link-color wp-elements-c75cd9b083aebd1791f20608bf21b3e6\" style=\"background-color:#f80404\">NOTA : Des changements importants sur les aides pour les chaudi\u00e8res gaz qui  ont \u00e9t\u00e9 supprim\u00e9es par l&#8217;Etat en 2025<\/h2>\n\n\n\n<p>Gr\u00e2ce au nouveau dispositif mis en place par l&#8217;Etat: &#8221; <strong><mark style=\"background-color:rgba(0, 0, 0, 0);color:#0620e5\" class=\"has-inline-color\"><a href=\"https:\/\/www.berrand-sarl.fr\/EnR\/credit-dimpot-transition-energetique\/\">Ma Prime R\u00e9nov<\/a><\/mark><a href=\"https:\/\/www.maprimerenov.gouv.fr\/prweb\/PRAuth\/BPNVwCpLW8TKW49zoQZpAw%5B%5B*\/!@6f504bdb1ed41b6f4ec40e5a639d477c!STANDARD\"><mark style=\"background-color:rgba(0, 0, 0, 0);color:#0620e5\" class=\"has-inline-color\">&#8216;<\/mark><\/a><\/strong><mark style=\"background-color:rgba(0, 0, 0, 0)\" class=\"has-inline-color has-white-color\"> <\/mark>&#8220;, la chaudi\u00e8re THPE est \u00e9ligible \u00e0 divers financements, dont celui distribu\u00e9 par l\u2019<strong><mark style=\"background-color:rgba(0, 0, 0, 0);color:#0620e5\" class=\"has-inline-color\">ANAH<\/mark><\/strong>, mais qui ne sera seulement pay\u00e9 qu&#8217;en fin de travaux. C&#8217;est une <a href=\"https:\/\/www.berrand-sarl.fr\/EnR\/credit-dimpot-transition-energetique\/\">aide \u00e0 la r\u00e9novation<\/a> \u00e9nerg\u00e9tique, <strong><mark style=\"background-color:rgba(0, 0, 0, 0);color:#0620e5\" class=\"has-inline-color\">calcul\u00e9e en fonction de vos revenus<\/mark><\/strong> et du gain \u00e9cologique des travaux. Malheureusement des changements importants sur ces aides se verront supprim\u00e9es par l&#8217;Etat en 2025&#8230;<\/p>\n\n\n\n<p class=\"has-text-align-center\"><strong><span class=\"has-inline-color has-vivid-purple-color\">Des subventions locales peuvent venir s\u2019ajouter \u00e0 ces dispositif<\/span><\/strong>s.<\/p>\n\n\n\n<p class=\"has-drop-cap has-text-color has-medium-font-size\" style=\"color:#119d28\"><strong><em>Associ\u00e9e \u00e0 une installation \u00e0 \u00e9nergie renouvelable, type <\/em><a href=\"https:\/\/www.berrand-sarl.fr\/EnR\/le-solaire-thermique-production-de-chaleur\/\"><span style=\"color:#0620e5\" class=\"has-inline-color\">solaire thermique<\/span><\/a><em> ou <\/em><a href=\"https:\/\/www.berrand-sarl.fr\/EnR\/chauffage-au-gaz-naturel\/\"><span style=\"color:#0620e5\" class=\"has-inline-color\">PAC<\/span><\/a><em> , la <\/em><a href=\"https:\/\/www.frisquet.com\/fr\/chaudiere-gaz-condensation-hydroconfort-solaire_58.html\"><span style=\"color:#0620e5\" class=\"has-inline-color\">chaudi\u00e8re THPE Frisquet<\/span><\/a><em> est un must dans le domaine de l&#8217;installation de chauffage gr\u00e2ce \u00e0 ses vertus autant \u00e9conomique qu&#8217;\u00e9cologique<\/em><\/strong>.<\/p>\n\n\n\n<div style=\"height:33px\" aria-hidden=\"true\" class=\"wp-block-spacer\"><\/div>\n\n\n\n<h2 class=\"wp-block-heading has-text-color has-huge-font-size\" id=\"pourquoi-le-biogaz-peut-il-changer-le-monde-video\" style=\"color:#0d9618\">Pourquoi le biogaz peut-il changer le monde? vid\u00e9o&#8230;.<\/h2>\n\n\n\n<figure class=\"wp-block-video aligncenter\"><video controls src=\"https:\/\/www.berrand-sarl.fr\/Videos\/Le_biogaz.mp4\"><\/video><\/figure>\n\n\n<div class=\"wp-block-image is-style-rounded\">\n<figure class=\"alignright size-full\" id=\"Haut_de_page\"><a href=\"#\"><img loading=\"lazy\" decoding=\"async\" width=\"40\" height=\"40\" src=\"https:\/\/www.berrand-sarl.fr\/EnR\/wp-content\/uploads\/2026\/04\/haut-page.jpg\" alt=\"Bouton haut page\" class=\"wp-image-15961\" title=\"Bouton vers haut de page\"\/><\/a><\/figure>\n<\/div>\n\n\n<p><\/p>\n","protected":false},"excerpt":{"rendered":"<p>La Tr\u00e8s Haute Performance Energ\u00e9tique (THPE, dite &#8220;\u00e0 condensation&#8221;) On distingue aujourd\u2019hui diff\u00e9rentes technologies pour les chaudi\u00e8res de chauffage central : la condensation (THPE) et la basse temp\u00e9rature Bas NOx. La chaudi\u00e8re \u00e0 Tr\u00e8s Haute Performance Energ\u00e9tique (THPE) dite &#8220;\u00e0&#8230; <\/p>\n","protected":false},"author":1,"featured_media":0,"parent":0,"menu_order":0,"comment_status":"closed","ping_status":"closed","template":"","meta":{"_seopress_robots_primary_cat":"","_seopress_titles_title":"Chaudi\u00e8re Tr\u00e8s Haute Performance Energ\u00e9tique \u00e0 condensation","_seopress_titles_desc":"La combustion du gaz naturel ou propane g\u00e9n\u00e8re de la vapeur d\u2019eau dont la chaleur latente est r\u00e9cup\u00e9r\u00e9e pour \u00eatre renvoy\u00e9e vers votre circuit chauffage","_seopress_robots_index":"","_themeisle_gutenberg_block_has_review":false,"footnotes":""},"class_list":["post-6796","page","type-page","status-publish","hentry"],"_links":{"self":[{"href":"https:\/\/www.berrand-sarl.fr\/EnR\/wp-json\/wp\/v2\/pages\/6796","targetHints":{"allow":["GET"]}}],"collection":[{"href":"https:\/\/www.berrand-sarl.fr\/EnR\/wp-json\/wp\/v2\/pages"}],"about":[{"href":"https:\/\/www.berrand-sarl.fr\/EnR\/wp-json\/wp\/v2\/types\/page"}],"author":[{"embeddable":true,"href":"https:\/\/www.berrand-sarl.fr\/EnR\/wp-json\/wp\/v2\/users\/1"}],"replies":[{"embeddable":true,"href":"https:\/\/www.berrand-sarl.fr\/EnR\/wp-json\/wp\/v2\/comments?post=6796"}],"version-history":[{"count":0,"href":"https:\/\/www.berrand-sarl.fr\/EnR\/wp-json\/wp\/v2\/pages\/6796\/revisions"}],"wp:attachment":[{"href":"https:\/\/www.berrand-sarl.fr\/EnR\/wp-json\/wp\/v2\/media?parent=6796"}],"curies":[{"name":"wp","href":"https:\/\/api.w.org\/{rel}","templated":true}]}}