{"id":4049,"date":"2025-04-13T10:14:12","date_gmt":"2025-04-13T08:14:12","guid":{"rendered":"https:\/\/www.berrand-sarl.fr\/EnR\/?page_id=4049"},"modified":"2026-03-02T18:23:34","modified_gmt":"2026-03-02T17:23:34","slug":"lieux-dintervention","status":"publish","type":"page","link":"https:\/\/www.berrand-sarl.fr\/EnR\/lieux-dintervention\/","title":{"rendered":"Lieux d&rsquo;interventions"},"content":{"rendered":"<div class=\"wp-block-image is-style-rounded\">\n<figure class=\"alignright size-full is-resized\" id=\"-Haut_de_page\"><a href=\"#Haut_de_page\" rel=\"Bouton haut page\"><img loading=\"lazy\" decoding=\"async\" width=\"40\" height=\"40\" src=\"https:\/\/www.berrand-sarl.fr\/EnR\/wp-content\/uploads\/2026\/04\/bas-page.jpg\" alt=\"Bouton bas page\" class=\"wp-image-15962\" style=\"width:40px;height:auto\" title=\"Vers bas de page\"\/><\/a><\/figure>\n<\/div>\n\n\n<h2 class=\"wp-block-heading has-text-align-center has-vivid-purple-color has-text-color has-large-font-size\">Installations, d\u00e9pannage chauffage, plomberie, pompe \u00e0 chaleur, climatisation, ventilation, etc.<\/h2>\n\n\n\n<h3 class=\"wp-block-heading has-text-align-center has-vivid-purple-color has-text-color\" style=\"font-size:31px\">Installateur et d\u00e9panneur dans le 87 (Haute-Vienne)<\/h3>\n\n\n\n<p class=\"has-text-align-center has-text-color has-link-color has-medium-font-size wp-elements-1bad79829468073180dab08e7efbe0b1\" style=\"color:#2a7d17\"><strong><a href=\"https:\/\/www.verneuil-sur-vienne.fr\/\">Verneuil sur Vienne<\/a> fait partie de la Communaut\u00e9 urbaine \u00ab\u00a0<a href=\"https:\/\/www.agglo-limoges.fr\/\">Limoges M\u00e9tropole<\/a>\u00ab\u00a0. Situ\u00e9e \u00e0 7 kms de Limoges. Direction : A\u00e9roport Limoges Bellegarde, sur la RN 141 en direction d&rsquo;Angoul\u00eame<\/strong>.<\/p>\n\n\n\n<h2 class=\"wp-block-heading has-text-align-center has-text-color\" style=\"color:#e5194f\">BERRAND sarl : Installateur confirm\u00e9, sp\u00e9cialiste en d\u00e9pannage <a href=\"https:\/\/www.berrand-sarl.fr\/EnR\/plomberie-sanitaire\/\">plomberie<\/a>, d\u00e9pannages <a href=\"https:\/\/www.berrand-sarl.fr\/EnR\/installation-deau\/\">sanitaire<\/a>, <a href=\"https:\/\/www.berrand-sarl.fr\/EnR\/pompe-a-chaleur-geothermique\/\">pompe \u00e0 chaleur<\/a>, <a href=\"https:\/\/www.berrand-sarl.fr\/EnR\/la-pompe-a-chaleur\/\">climatisation<\/a>, d\u00e9pannages <a href=\"https:\/\/www.berrand-sarl.fr\/EnR\/chauffage-central-a-eau-chaude\/\">chauffage<\/a> et d\u00e9pannages <a href=\"https:\/\/www.berrand-sarl.fr\/EnR\/entretien-de-chaudieres\/\">entretien chaudi\u00e8re<\/a> toutes <a href=\"https:\/\/www.berrand-sarl.fr\/EnR\/energies-renouvelables\/\">\u00e9nergies<\/a> \u00e0 <a href=\"https:\/\/www.pagesjaunes.fr\/pros\/06293864#zoneHoraires\">Limoges<\/a> et <a href=\"https:\/\/www.pagesjaunes.fr\/pros\/06293864#zoneHoraires\">Haute-Vienne<\/a> (87000)<\/h2>\n\n\n\n<blockquote class=\"wp-block-quote is-layout-flow wp-block-quote-is-layout-flow\">\n<h3 class=\"wp-block-heading\"><strong>Vous recherchez une entreprise <a href=\"https:\/\/www.berrand-sarl.fr\/EnR\/certifications-et-assurances\/\">qualifi\u00e9e<\/a> et <a href=\"https:\/\/www.berrand-sarl.fr\/EnR\/qui-sommes-nous\/\">r\u00e9put\u00e9e<\/a> dans l&rsquo;installation et le d\u00e9pannage de chauffage,<\/strong> <strong>de<\/strong> <strong>plomberie, d&rsquo;appareils sanitaire<\/strong>s, <strong>ventilation des locaux simple ou double flux, climatisation et pompe \u00e0 chaleur pr\u00e8s de chez vous dans le d\u00e9partement 87 ?<\/strong>&nbsp;Vous \u00eates au bon endroit!<\/h3>\n<\/blockquote>\n\n\n\n<p><strong>BERRAND sarl, Plombier-Chauffagiste depuis 1956 propose toutes les prestations de <a href=\"https:\/\/www.berrand-sarl.fr\/EnR\/entretien-de-chaudieres\/\">d\u00e9pannage<\/a> de <a href=\"https:\/\/www.berrand-sarl.fr\/EnR\/chauffage-central-a-eau-chaude\/\">chauffage<\/a>, chaudi\u00e8res en respectant le rapport qualit\u00e9\/prix.<\/strong><\/p>\n\n\n\n<p class=\"has-text-align-center has-medium-font-size\"><a href=\"https:\/\/www.berrand-sarl.fr\/EnR\/contacter\/\"><strong>C<\/strong><\/a><mark style=\"background-color:rgba(0, 0, 0, 0)\" class=\"has-inline-color has-vivid-purple-color\"><a href=\"https:\/\/www.berrand-sarl.fr\/EnR\/contacter\/\"><strong>ontactez l&rsquo;entreprise BERRAND sarl<\/strong><\/a>,<strong>&nbsp;87430 &#8211;&nbsp;Verneuil sur Vienne.&nbsp;T\u00e9l\u00e9phone: 05 55 00 14 99<\/strong><\/mark><\/p>\n\n\n\n<div class=\"wp-block-group\"><div class=\"wp-block-group__inner-container is-layout-constrained wp-block-group-is-layout-constrained\">\n<figure class=\"wp-block-table is-style-stripes\" style=\"font-size:18px\"><table class=\"has-text-color has-link-color\" style=\"color:#f80000\"><thead><tr><th class=\"has-text-align-left\" data-align=\"left\"><span style=\"color:#047ba4\" class=\"has-inline-color\">Quelques unes de nos comp\u00e9tences :<\/span><\/th><\/tr><\/thead><tbody><tr><td class=\"has-text-align-left\" data-align=\"left\"><mark style=\"background-color:rgba(0, 0, 0, 0)\" class=\"has-inline-color has-vivid-purple-color\"><strong><strong>&#8211; D\u00e9pannage de robinets et mitigeurs : Que ce soit pour des mitigeurs, des robinets m\u00e9langeurs, des robinets simples ou des mitigeurs thermostatiques (y compris les mod\u00e8les anciens), nous intervenons rapidement (sous r\u00e9serve de disponibilit\u00e9 des pi\u00e8ces).<\/strong><\/strong><\/mark><\/td><\/tr><tr><td class=\"has-text-align-left\" data-align=\"left\"><strong><span class=\"has-inline-color has-luminous-vivid-orange-color\">&#8211;<em> <\/em><\/span><strong><em>R\u00e9paration de chasses d\u2019eau : Nous r\u00e9parons les chasses d\u2019eau de <a href=\"https:\/\/www.berrand-sarl.fr\/EnR\/installation-deau\/\">WC<\/a> et tous les m\u00e9canismes de flotteurs, toutes marques confondues (sous r\u00e9serve de disponibilit\u00e9 des pi\u00e8ces).<\/em><\/strong><\/strong><\/td><\/tr><tr><td class=\"has-text-align-left\" data-align=\"left\"><strong><mark style=\"background-color:rgba(0, 0, 0, 0)\" class=\"has-inline-color has-vivid-purple-color\">&#8211; <strong>D\u00e9pannage de chauffe-eau : Nous proposons des services pour les chauffe-eau \u00e9lectriques, \u00e0 gaz, solaires et les syst\u00e8mes de chauffage <a href=\"https:\/\/www.berrand-sarl.fr\/EnR\/capteurs-plans\/\">solaire<\/a> combin\u00e9.<\/strong><\/mark><\/strong><\/td><\/tr><tr><td class=\"has-text-align-left\" data-align=\"left\"><strong><mark style=\"background-color:rgba(0, 0, 0, 0)\" class=\"has-inline-color has-luminous-vivid-orange-color\"><strong>&#8211; D\u00e9pannage de chaudi\u00e8res : Que vous ayez une chaudi\u00e8re \u00e0 gaz, <a href=\"https:\/\/www.berrand-sarl.fr\/EnR\/chauffage-au-fioul-domestique\/\">fioul<\/a>, murale ou au sol, ou m\u00eame \u00e0 <a href=\"https:\/\/www.berrand-sarl.fr\/EnR\/chaudiere-a-granules-de-bois-pellets\/\">bois<\/a> ou \u00e0 <a href=\"https:\/\/www.berrand-sarl.fr\/EnR\/chaudiere-a-granules-de-bois-pellets\/\">granul\u00e9s<\/a>, nous nous chargeons de la r\u00e9paration. Nous intervenons aussi pour les pr\u00e9parateurs d\u2019eau chaude sanitaire et les ballons d\u2019eau chaude thermodynamiques.<\/strong><\/mark><\/strong><\/td><\/tr><tr><td class=\"has-text-align-left\" data-align=\"left\"><strong><mark style=\"background-color:rgba(0, 0, 0, 0);color:#04724a\" class=\"has-inline-color\">&#8211; <\/mark><\/strong><mark style=\"background-color:rgba(0, 0, 0, 0);color:#2c8417\" class=\"has-inline-color\"><strong><em>Installation et d\u00e9pannage de syst\u00e8mes de pompe \u00e0 chaleur : Nous r\u00e9alisons l\u2019installation et le d\u00e9pannage de pompes \u00e0 chaleur simples ou hybrides, de climatiseurs et de chauffe-eaux PAC<\/em><\/strong>. <\/mark><strong><mark style=\"background-color:rgba(0, 0, 0, 0)\" class=\"has-inline-color has-black-color\">Notre personnel est agr\u00e9\u00e9 pour manipuler les fluides frigorig\u00e8nes.<\/mark><\/strong><\/td><\/tr><tr><td class=\"has-text-align-left\" data-align=\"left\">&#8211; <strong><mark style=\"background-color:rgba(0, 0, 0, 0)\" class=\"has-inline-color has-vivid-purple-color\"><strong>R\u00e9paration de fuites et d\u00e9bouchage : Nous r\u00e9parons les fuites d\u2019eau froide et chaude sur \u00e9vier, lavabo, baignoire et douche, et assurons le d\u00e9bouchage de siphons et de canalisations.<\/strong><\/mark><\/strong><\/td><\/tr><tr><td class=\"has-text-align-left\" data-align=\"left\">&#8211; <strong><mark style=\"background-color:rgba(0, 0, 0, 0);color:#1307e3\" class=\"has-inline-color\">Modification d\u2019installations : Nous pouvons modifier les installations d\u2019eau froide et chaude, d\u2019air comprim\u00e9, ainsi que de <a href=\"https:\/\/www.berrand-sarl.fr\/EnR\/chauffage-au-gaz-naturel\/\">gaz naturel<\/a> ou butane et <a href=\"https:\/\/www.berrand-sarl.fr\/EnR\/chauffage-au-gaz-naturel\/\">propane<\/a>.<\/mark><\/strong><\/td><\/tr><tr><td class=\"has-text-align-left\" data-align=\"left\"><strong><mark style=\"background-color:rgba(0, 0, 0, 0)\" class=\"has-inline-color has-vivid-purple-color\">&#8211;<\/mark> Mise en s\u00e9curit\u00e9 et installation de gaz : Nous r\u00e9alisons l&rsquo;installation et la mise en s\u00e9curit\u00e9 de syst\u00e8mes de gaz de tous types, avec remise de certificats de conformit\u00e9 pour le gaz.<\/strong><\/td><\/tr><\/tbody><\/table><\/figure>\n<\/div><\/div>\n\n\n<div class=\"wp-block-image is-style-default\">\n<figure class=\"aligncenter size-full is-resized\"><img loading=\"lazy\" decoding=\"async\" width=\"800\" height=\"564\" src=\"https:\/\/www.berrand-sarl.fr\/EnR\/wp-content\/uploads\/2024\/10\/robinet_noue.png\" alt=\"Robinet nou\u00e9\" class=\"wp-image-12157\" style=\"width:230px;height:auto\" srcset=\"https:\/\/www.berrand-sarl.fr\/EnR\/wp-content\/uploads\/2024\/10\/robinet_noue.png 800w, https:\/\/www.berrand-sarl.fr\/EnR\/wp-content\/uploads\/2024\/10\/robinet_noue-300x212.png 300w, https:\/\/www.berrand-sarl.fr\/EnR\/wp-content\/uploads\/2024\/10\/robinet_noue-768x541.png 768w\" sizes=\"auto, (max-width: 800px) 100vw, 800px\" \/><figcaption class=\"wp-element-caption\"><strong><span class=\"has-inline-color has-vivid-cyan-blue-color\">y&rsquo;a un probl\u00e8me?<\/span><\/strong><\/figcaption><\/figure>\n<\/div>\n\n\n<h4 class=\"wp-block-heading has-text-align-center has-vivid-red-color has-text-color\">Nous d\u00e9pannons et entretenons toutes marques de chaudi\u00e8res fioul et ou gaz. Nous sommes en constante formation sur les produits des constructeurs de chaudi\u00e8res tels que:&nbsp;<strong>FRISQUET, BOSCH, ELM LEBLANC, CUENOD, BUDERUS, HS FRANCE<\/strong>&nbsp;et bien d&rsquo;autres encore&#8230;<\/h4>\n\n\n\n<p class=\"has-text-align-center has-very-light-gray-color has-vivid-red-background-color has-text-color has-background has-medium-font-size\"><strong>Nous proposons des services de d\u00e9pannage sur toutes les chaudi\u00e8res modernes au gaz naturel ou propane \u00e0 <a href=\"https:\/\/www.berrand-sarl.fr\/EnR\/chaudiere-tres-haute-performance-energetique-condensation\/\">condensation<\/a>, ainsi que sur les chaudi\u00e8res au fioul, \u00e0 bois et \u00e0 granul\u00e9s. Que vos appareils soient r\u00e9cents ou plus anciens, install\u00e9s par nous ou non, nos techniciens, reconnus pour leur expertise, sauront vous satisfaire.<\/strong><\/p>\n\n\n\n<p class=\"has-drop-cap has-text-color\" style=\"color:#0b8540\"><strong>NOUS NOUS D\u00c9PLA\u00c7ONS REGULIEREMENT SUR LES COMMUNES SUIVANTES :&nbsp;<\/strong>Aixe-sur-Vienne, Ambazac, Bellegarde, Beynac, Boisseuil, Bosmie-l&rsquo;Aiguille, Bonnac-La-C\u00f4te, Burgnac, Cieux, Chaillac-Sur-Vienne, Chamboret, Chaptelat, Chateauneuf-la-For\u00eat, Cognac-la-For\u00eat, Condat-sur-Vienne, Couzeix, Compreignac, Eyjeaux, Feytiat, Flavignac, Gorre, Isle, Javerdat , Jourgnac, Landouge, La Porcherie, Le Palais-sur-Vienne, Le Vigen, Les Cars, <strong><a href=\"https:\/\/www.agglo-limoges.fr\/\">Limoges<\/a><\/strong>, Nantiat, Nexon, Nieul, Oradour-sur-Glane, Panazol, Peyrilhac, Rilhac-Rancon, Saint Just le Martel, Saint-Brice, Saint-Auvent, <strong><a href=\"https:\/\/www.saint-gence.fr\/\">Saint-Gence<\/a><\/strong>, Saint-Junien, Saint Laurent sur Gorre, Saint-Martin-le Vieux, Saint-Martin-de-Jussac, Saint Pardoux, Saint-Priest-sous-Aixe, Saint-Victurnien, Saint-Yrieix-sous-Aixe, Saint Yrieix la Perche, Sainte-Marie-de-Vaux, S\u00e9reilhac, Solignac, Veyrac, <strong><a href=\"https:\/\/www.verneuil-sur-vienne.fr\/\">Verneuil-sur-Vienne<\/a><\/strong>, Vicq sur Breuilh.<\/p>\n\n\n\n<p class=\"has-text-align-center has-medium-font-size\"><mark style=\"background-color:rgba(0, 0, 0, 0);color:#fa0101\" class=\"has-inline-color\"><strong>\u26a0\ufe0f Attention : Pour des raisons de transparence financi\u00e8re et dans le respect de nos clients, nous limitons les petits d\u00e9pannages \u00e0 un rayon de 25\/30 km autour de Limoges. Nous souhaitons \u00e9viter que les frais de d\u00e9placement et de main-d&rsquo;\u0153uvre ne d\u00e9passent le co\u00fbt des petites r\u00e9parations effectu\u00e9es ! Merci de votre compr\u00e9hension.<\/strong><\/mark><\/p>\n\n\n<div class=\"wp-block-image is-style-rounded\">\n<figure class=\"alignright size-full\" id=\"Haut_de_page\"><a href=\"#\"><img loading=\"lazy\" decoding=\"async\" width=\"40\" height=\"40\" src=\"https:\/\/www.berrand-sarl.fr\/EnR\/wp-content\/uploads\/2026\/04\/haut-page.jpg\" alt=\"Bouton haut page\" class=\"wp-image-15961\" title=\"Bouton vers haut de page\"\/><\/a><\/figure>\n<\/div>","protected":false},"excerpt":{"rendered":"<p>Installations, d\u00e9pannage chauffage, plomberie, pompe \u00e0 chaleur, climatisation, ventilation, etc. Installateur et d\u00e9panneur dans le 87 (Haute-Vienne) Verneuil sur Vienne fait partie de la Communaut\u00e9 urbaine \u00ab\u00a0Limoges M\u00e9tropole\u00ab\u00a0. Situ\u00e9e \u00e0 7 kms de Limoges. Direction : A\u00e9roport Limoges Bellegarde, sur&#8230; <\/p>\n","protected":false},"author":1,"featured_media":0,"parent":0,"menu_order":0,"comment_status":"closed","ping_status":"closed","template":"","meta":{"_seopress_robots_primary_cat":"","_seopress_titles_title":"Trouvez votre plombier : nos Lieux d'interventions","_seopress_titles_desc":"Chauffagiste depuis 1956 propose toutes les prestations de d\u00e9pannage de chauffage, chaudi\u00e8res en respectant le rapport qualit\u00e9\/prix.","_seopress_robots_index":"","_themeisle_gutenberg_block_has_review":false,"footnotes":""},"class_list":["post-4049","page","type-page","status-publish","hentry"],"_links":{"self":[{"href":"https:\/\/www.berrand-sarl.fr\/EnR\/wp-json\/wp\/v2\/pages\/4049","targetHints":{"allow":["GET"]}}],"collection":[{"href":"https:\/\/www.berrand-sarl.fr\/EnR\/wp-json\/wp\/v2\/pages"}],"about":[{"href":"https:\/\/www.berrand-sarl.fr\/EnR\/wp-json\/wp\/v2\/types\/page"}],"author":[{"embeddable":true,"href":"https:\/\/www.berrand-sarl.fr\/EnR\/wp-json\/wp\/v2\/users\/1"}],"replies":[{"embeddable":true,"href":"https:\/\/www.berrand-sarl.fr\/EnR\/wp-json\/wp\/v2\/comments?post=4049"}],"version-history":[{"count":0,"href":"https:\/\/www.berrand-sarl.fr\/EnR\/wp-json\/wp\/v2\/pages\/4049\/revisions"}],"wp:attachment":[{"href":"https:\/\/www.berrand-sarl.fr\/EnR\/wp-json\/wp\/v2\/media?parent=4049"}],"curies":[{"name":"wp","href":"https:\/\/api.w.org\/{rel}","templated":true}]}}