{"id":3029,"date":"2026-03-22T11:10:55","date_gmt":"2026-03-22T10:10:55","guid":{"rendered":"https:\/\/www.berrand-sarl.fr\/EnR\/?page_id=3029"},"modified":"2026-03-29T17:15:04","modified_gmt":"2026-03-29T15:15:04","slug":"nettoyage-et-protection-de-la-citerne-fioul","status":"publish","type":"page","link":"https:\/\/www.berrand-sarl.fr\/EnR\/nettoyage-et-protection-de-la-citerne-fioul\/","title":{"rendered":"Nettoyage citerne fioul, neutralisation"},"content":{"rendered":"<div class=\"wp-block-image is-style-rounded\">\n<figure class=\"alignright size-full is-resized\" id=\"-Haut_de_page\"><a href=\"#Haut_de_page\" rel=\"Bouton haut page\"><img loading=\"lazy\" decoding=\"async\" width=\"40\" height=\"40\" src=\"https:\/\/www.berrand-sarl.fr\/EnR\/wp-content\/uploads\/2026\/04\/bas-page.jpg\" alt=\"Bouton bas page\" class=\"wp-image-15962\" style=\"width:40px;height:auto\" title=\"Vers bas de page\"\/><\/a><\/figure>\n<\/div>\n\n\n<p class=\"has-text-align-center has-text-color has-link-color has-medium-font-size wp-elements-73a125f1f04da6008a35a7e1cf2b4958\" style=\"color:#7c0f2b\"><strong>Deux volets \u00e0 lire dans cette page<\/strong>:<\/p>\n\n\n\n<h4 class=\"wp-block-heading has-text-align-center has-text-color has-link-color wp-elements-48acb429439f308dcd347bfeb3a6739c\" style=\"color:#4ca917;font-size:24px\">1\/ <strong><a href=\"#Pourquoi\">Pourquoi nettoyer votre cuve et votre chaudi\u00e8re<\/a><\/strong><\/h4>\n\n\n\n<h4 class=\"wp-block-heading has-text-align-center has-text-color has-link-color wp-elements-d140396ffd3f7316a6a4230e9c8f0225\" style=\"color:#4ca917;font-size:24px\">2\/ <a href=\"#d\u00e9pose\" data-type=\"internal\" data-id=\"#d\u00e9pose\">Enl\u00e8vement et d\u00e9pose d&#8217;une cuve fioul<\/a><\/h4>\n\n\n\n<figure class=\"wp-block-image size-full\"><img loading=\"lazy\" decoding=\"async\" width=\"1024\" height=\"5\" src=\"https:\/\/www.berrand-sarl.fr\/EnR\/wp-content\/uploads\/2024\/10\/barre_bleue_fonce.jpg\" alt=\"Barre bleue fonce\" class=\"wp-image-12113\" srcset=\"https:\/\/www.berrand-sarl.fr\/EnR\/wp-content\/uploads\/2024\/10\/barre_bleue_fonce.jpg 1024w, https:\/\/www.berrand-sarl.fr\/EnR\/wp-content\/uploads\/2024\/10\/barre_bleue_fonce-300x1.jpg 300w, https:\/\/www.berrand-sarl.fr\/EnR\/wp-content\/uploads\/2024\/10\/barre_bleue_fonce-768x4.jpg 768w\" sizes=\"auto, (max-width: 1024px) 100vw, 1024px\" \/><\/figure>\n\n\n\n<h2 class=\"wp-block-heading has-vivid-purple-color has-text-color has-link-color has-large-font-size wp-elements-c671de18369a3105c8a288427836b438\" id=\"Pourquoi\"><strong>Pourquoi nettoyer votre cuve et votre chaudi\u00e8re<\/strong><\/h2>\n\n\n\n<h3 class=\"wp-block-heading has-text-align-center has-vivid-purple-color has-text-color has-link-color wp-elements-a8d2f871fa808cf586990d93701c231e\" style=\"font-size:25px\"><strong>Raisons pour lesquelles votre cuve peut \u00eatre contamin\u00e9e :<\/strong><\/h3>\n\n\n\n<h3 class=\"wp-block-heading has-vivid-cyan-blue-color has-text-color has-link-color has-medium-font-size wp-elements-5b346557dd11e28d92cb6dd6e1e7456d\" id=\"Pr\u00e9sence-d\u2019eau\"><strong>1. <strong>Pr\u00e9sence d\u2019eau de condensation<\/strong>&nbsp;:<\/strong><\/h3>\n\n\n\n<ul class=\"wp-block-list\">\n<li style=\"font-size:18px\">Les variations climatiques peuvent provoquer des chocs thermiques, entra\u00eenant la <a href=\"https:\/\/www.berrand-sarl.fr\/EnR\/chaudiere-tres-haute-performance-energetique-condensation\/\">condensation<\/a>.&nbsp;<\/li>\n\n\n\n<li style=\"font-size:18px\">L&#8217;humidit\u00e9 ambiante p\u00e9n\u00e8tre dans les cuves par les \u00e9vents.<\/li>\n<\/ul>\n\n\n\n<h3 class=\"wp-block-heading has-vivid-cyan-blue-color has-text-color has-link-color has-medium-font-size wp-elements-4f69180543c75e5b7bd8b1851f8411df\"><strong>2. Composition du fioul domestique:<\/strong><\/h3>\n\n\n\n<ul class=\"wp-block-list\">\n<li style=\"font-size:17px\">Le <a href=\"https:\/\/www.berrand-sarl.fr\/EnR\/chauffage-au-fioul-domestique\/\">fioul<\/a> peut contenir jusqu&#8217;\u00e0 200 mg\/kg d&#8217;eau soluble.<\/li>\n\n\n\n<li style=\"font-size:17px\">Il peut \u00e9galement contenir jusqu&#8217;\u00e0 0,10 % (m\/m) d&#8217;eau et de s\u00e9diments.<\/li>\n\n\n\n<li style=\"font-size:17px\">Enfin, jusqu&#8217;\u00e0 7 % d&#8217;EMAG (<a href=\"https:\/\/www.berrand-sarl.fr\/EnR\/chaudiere-biofioul-f30-hybride\/\">ester m\u00e9thylique<\/a> d&#8217;acide gras) peut \u00eatre pr\u00e9sent dans le fioul, repr\u00e9sentant sa fraction \u00ab bio \u00bb.<\/li>\n<\/ul>\n\n\n\n<h3 class=\"wp-block-heading has-vivid-cyan-blue-color has-text-color has-link-color has-medium-font-size wp-elements-fdc5994c57b4ad82fbf1815fc34ae840\"><strong>3. Utilisation courante de l&#8217;installation de chauffage:<\/strong><\/h3>\n\n\n\n<ul style=\"font-size:18px\" class=\"wp-block-list\">\n<li style=\"font-size:18px\">Les fluctuations de volume dues aux remplissages cr\u00e9ent des chocs thermiques, permettant \u00e0 l&#8217;air humide de remplacer le fioul consomm\u00e9.<\/li>\n\n\n\n<li>Une cuve inadapt\u00e9e, expos\u00e9e \u00e0 l&#8217;air, aux rayons UV et \u00e0 la pluie, subit des variations de temp\u00e9rature.<\/li>\n\n\n\n<li>Un tube de retour trop court peut provoquer un brassage constant du fioul, favorisant son m\u00e9lange avec l&#8217;air.<\/li>\n\n\n\n<li style=\"font-size:18px\">Le retour de fioul chaud dans la cuve peut \u00e9galement aggraver la situation<\/li>\n<\/ul>\n\n\n<div class=\"wp-block-image\">\n<figure class=\"aligncenter size-full is-resized\"><img loading=\"lazy\" decoding=\"async\" width=\"160\" height=\"118\" src=\"https:\/\/www.berrand-sarl.fr\/EnR\/wp-content\/uploads\/2020\/09\/Filtre_fioul_tres_sale.jpg\" alt=\"Filtre Fioul Tres Sale\" class=\"wp-image-5644\" style=\"width:255px;height:auto\"\/><figcaption class=\"wp-element-caption\">Filtre de bruleur fioul obstru\u00e9 par les d\u00e9p\u00f4ts dans une citerne<\/figcaption><\/figure>\n<\/div>\n\n\n<figure class=\"wp-block-video\"><video controls src=\"https:\/\/www.berrand-sarl.fr\/Videos\/Du_fioul_au_Bio_Fioul.mp4\"><\/video><\/figure>\n\n\n\n<p class=\"has-text-align-center\">L\u2019int\u00e9gralit\u00e9 de la vid\u00e9o est \u00e0 lire sur ce lien : <a href=\"https:\/\/youtu.be\/xRlG41aVkM4?si=pD30LwXx1hdaYp_A\">Du Fioul au BioFioul rien de plus simple<\/a><\/p>\n\n\n\n<figure class=\"wp-block-image size-full\"><img loading=\"lazy\" decoding=\"async\" width=\"800\" height=\"5\" src=\"https:\/\/www.berrand-sarl.fr\/EnR\/wp-content\/uploads\/2024\/10\/barre_rouge_mur.jpg\" alt=\"barre rouge\" class=\"wp-image-12114\" srcset=\"https:\/\/www.berrand-sarl.fr\/EnR\/wp-content\/uploads\/2024\/10\/barre_rouge_mur.jpg 800w, https:\/\/www.berrand-sarl.fr\/EnR\/wp-content\/uploads\/2024\/10\/barre_rouge_mur-300x2.jpg 300w, https:\/\/www.berrand-sarl.fr\/EnR\/wp-content\/uploads\/2024\/10\/barre_rouge_mur-768x5.jpg 768w, https:\/\/www.berrand-sarl.fr\/EnR\/wp-content\/uploads\/2024\/10\/barre_rouge_mur-660x5.jpg 660w, https:\/\/www.berrand-sarl.fr\/EnR\/wp-content\/uploads\/2024\/10\/barre_rouge_mur-600x5.jpg 600w\" sizes=\"auto, (max-width: 800px) 100vw, 800px\" \/><\/figure>\n\n\n\n<h3 class=\"wp-block-heading has-text-align-center has-vivid-purple-color has-text-color has-medium-font-size\"><strong>CONS\u00c9QUENCES SUR VOTRE INSTALLATION:<\/strong><\/h3>\n\n\n\n<ul class=\"wp-block-list\">\n<li style=\"font-size:18px\">Formation de condensation et accumulation d&#8217;eau au fond de la cuve.<\/li>\n\n\n\n<li style=\"font-size:18px\">D\u00e9veloppement de micro-organismes (bact\u00e9ries, levures, champignons).<\/li>\n\n\n\n<li style=\"font-size:18px\">Production de substances d&#8217;oxydation (gommes) et augmentation des s\u00e9diments.<\/li>\n\n\n\n<li style=\"font-size:18px\">Corrosion des cuves m\u00e9talliques.<\/li>\n\n\n\n<li style=\"font-size:18px\">Instabilit\u00e9 du fioul due \u00e0 l&#8217;oxydation.<\/li>\n\n\n\n<li style=\"font-size:18px\">Colmatage des filtres et des gicleurs.<\/li>\n<\/ul>\n\n\n\n<h3 class=\"wp-block-heading has-text-align-center has-vivid-cyan-blue-color has-text-color has-medium-font-size\"><strong>Nettoyage chimique des cuves \u00e0 fioul : une solution simple et innovante:<\/strong><\/h3>\n\n\n\n<p style=\"font-size:18px\">L&#8217;utilisation du&nbsp;<strong>Stock Cleaner*<\/strong>&nbsp;permet, par simple ajout d&#8217;un produit de traitement, d&#8217;obtenir les b\u00e9n\u00e9fices suivants: <\/p>\n\n\n\n<ul class=\"wp-block-list\">\n<li style=\"font-size:18px\">Nettoyage, protection et lubrification durable de la cuve et des \u00e9l\u00e9ments du r\u00e9seau d&#8217;alimentation (pompe, \u00e9lectrovanne, etc.).<\/li>\n\n\n\n<li style=\"font-size:18px\">R\u00e9duction de l&#8217;encrassement des filtres (cr\u00e9pine, br\u00fbleur, pompe, gicleur) gr\u00e2ce \u00e0 l&#8217;\u00e9limination et la dispersion des polluants pr\u00e9sents.<\/li>\n\n\n\n<li style=\"font-size:18px\">Stabilisation de la combustion, ce qui am\u00e9liore le rendement et la consommation de la chaudi\u00e8re.<\/li>\n\n\n\n<li style=\"font-size:18px\">Diminution des imbr\u00fbl\u00e9s en sortie de chaudi\u00e8re, notamment les \u00e9missions gazeuses et les microparticules.<\/li>\n\n\n\n<li style=\"font-size:18px\">Protection contre les bact\u00e9ries et la corrosion, tout en abaissant la temp\u00e9rature de figeage du fioul.<\/li>\n\n\n\n<li style=\"font-size:18px\">Dur\u00e9e d&#8217;action et de protection de la cuve pendant un an.<\/li>\n<\/ul>\n\n\n\n<h2 class=\"wp-block-heading has-text-align-center has-vivid-red-color has-text-color has-medium-font-size\"><strong>R\u00c9SULTATS ATTENDUS POUR VOTRE INSTALLATION<\/strong><\/h2>\n\n\n\n<p style=\"font-size:18px\">L&#8217;action du produit <strong>Stock Cleaner <\/strong>entra\u00eene:<\/p>\n\n\n\n<ul style=\"font-size:18px\" class=\"wp-block-list\">\n<li>R\u00e9duction des risques de pannes dues \u00e0 l&#8217;accumulation de d\u00e9p\u00f4ts sur le br\u00fbleur, les filtres et le gicleur.<\/li>\n\n\n\n<li>R\u00e9tablissement d&#8217;une combustion homog\u00e8ne.<\/li>\n\n\n\n<li>Diminution de l&#8217;encrassement du corps de chauffe.<\/li>\n\n\n\n<li>Augmentation de la r\u00e9sistance du fioul au froid.<\/li>\n\n\n\n<li>R\u00e9duction des co\u00fbts d&#8217;entretien de l&#8217;installation et prolongement de sa dur\u00e9e de vie.<\/li>\n<\/ul>\n\n\n\n<h3 class=\"wp-block-heading has-text-align-center has-vivid-purple-color has-text-color\" style=\"font-size:25px\"><strong>Profitez des avantages du nettoyage chimique de votre cuve<\/strong> :<\/h3>\n\n\n\n<h4 class=\"wp-block-heading has-vivid-cyan-blue-color has-text-color has-medium-font-size\"><strong>1. MA\u00ceTRISE DU BUDGET:<\/strong><\/h4>\n\n\n\n<ul class=\"wp-block-list\">\n<li style=\"font-size:18px\">Le co\u00fbt du traitement chimique est inf\u00e9rieur \u00e0 celui d&#8217;un nettoyage manuel.<\/li>\n\n\n\n<li>Prolonge la dur\u00e9e de vie des chaudi\u00e8res et r\u00e9duit les frais d&#8217;entretien.<\/li>\n\n\n\n<li style=\"font-size:18px\">\u00c9vite les d\u00e9penses li\u00e9es \u00e0 l&#8217;\u00e9limination des r\u00e9sidus au fond de la cuve.<\/li>\n<\/ul>\n\n\n\n<h4 class=\"wp-block-heading has-vivid-cyan-blue-color has-text-color has-medium-font-size\"><strong>2. \u00c9CONOMIES DE CARBURANT<\/strong><\/h4>\n\n\n\n<ul class=\"wp-block-list\">\n<li style=\"font-size:18px\">&#8211; Un fond de cuve r\u00e9g\u00e9n\u00e9r\u00e9 permet d&#8217;\u00e9viter toute perte de carburant.<\/li>\n<\/ul>\n\n\n\n<h4 class=\"wp-block-heading has-vivid-cyan-blue-color has-text-color has-medium-font-size\"><strong>3. GAIN DE TEMPS<\/strong><\/h4>\n\n\n\n<ul class=\"wp-block-list\">\n<li style=\"font-size:18px\">Facilit\u00e9 d&#8217;application du traitement et arr\u00eat minimal de la chaudi\u00e8re (environ 2 heures) pendant l&#8217;op\u00e9ration.<\/li>\n\n\n\n<li style=\"font-size:18px\">Arr\u00eat tr\u00e8s limit\u00e9 de la chaudi\u00e8re pendant le traitement de la cuve (2 heures)<\/li>\n<\/ul>\n\n\n\n<h4 class=\"wp-block-heading has-vivid-cyan-blue-color has-text-color has-medium-font-size\"><strong>4. RESPECT DE L&#8217;ENVIRONNEMENT<\/strong><\/h4>\n\n\n\n<ul class=\"wp-block-list\">\n<li style=\"font-size:18px\">Am\u00e9lioration de la combustion, contribuant \u00e0 la r\u00e9duction des \u00e9missions de CO\u00b2 et de fum\u00e9es.<\/li>\n\n\n\n<li style=\"font-size:18px\">\u00c9limination de l&#8217;\u00e9vacuation des r\u00e9sidus au fond de la cuve.<\/li>\n<\/ul>\n\n\n\n<hr class=\"wp-block-separator has-alpha-channel-opacity\"\/>\n\n\n\n<blockquote class=\"wp-block-quote has-text-align-center is-style-default is-layout-flow wp-block-quote-is-layout-flow\">\n<p style=\"font-size:15px\">* <em>HOMOLOGATION: <strong>Stock Cleaner<\/strong> (marque et mod\u00e8le d\u00e9pos\u00e9s) est un produit con\u00e7u et fabriqu\u00e9 par <strong>Actioil<\/strong> conforme \u00e0 la norme Europ\u00e9enne REACH <\/em><\/p>\n<\/blockquote>\n\n\n<div class=\"wp-block-image is-style-rounded\">\n<figure class=\"alignright size-full\" id=\"Haut_de_page\"><a href=\"#\"><img loading=\"lazy\" decoding=\"async\" width=\"40\" height=\"40\" src=\"https:\/\/www.berrand-sarl.fr\/EnR\/wp-content\/uploads\/2026\/04\/haut-page.jpg\" alt=\"Bouton haut page\" class=\"wp-image-15961\" title=\"Bouton vers haut de page\"\/><\/a><\/figure>\n<\/div>\n\n\n<figure class=\"wp-block-image size-full\"><img loading=\"lazy\" decoding=\"async\" width=\"1024\" height=\"5\" src=\"https:\/\/www.berrand-sarl.fr\/EnR\/wp-content\/uploads\/2024\/10\/barre_bleue_fonce.jpg\" alt=\"Barre bleue fonce\" class=\"wp-image-12113\" srcset=\"https:\/\/www.berrand-sarl.fr\/EnR\/wp-content\/uploads\/2024\/10\/barre_bleue_fonce.jpg 1024w, https:\/\/www.berrand-sarl.fr\/EnR\/wp-content\/uploads\/2024\/10\/barre_bleue_fonce-300x1.jpg 300w, https:\/\/www.berrand-sarl.fr\/EnR\/wp-content\/uploads\/2024\/10\/barre_bleue_fonce-768x4.jpg 768w\" sizes=\"auto, (max-width: 1024px) 100vw, 1024px\" \/><\/figure>\n\n\n\n<h2 class=\"wp-block-heading has-vivid-purple-color has-text-color has-link-color has-large-font-size wp-elements-cf1b02120c05ddf8846172175b470fd4\" id=\"d\u00e9pose\">Enl\u00e8vement et d\u00e9pose d&#8217;une cuve fioul; neutralisation<\/h2>\n\n\n\n<p>Le fait de changer de type d&#8217;\u00e9nergie pour chauffer les b\u00e2timents, par exemple supprimer une <strong><a href=\"https:\/\/www.berrand-sarl.fr\/EnR\/remplacer-une-chaudiere-fioul\/\">vieille chaudi\u00e8re au fioul<\/a> <\/strong>domestique et la remplacer par une <a href=\"https:\/\/www.berrand-sarl.fr\/EnR\/la-pompe-a-chaleur\/\"><strong>pompe \u00e0 chaleur<\/strong><\/a>, cr\u00e9e des <a href=\"https:\/\/www.berrand-sarl.fr\/EnR\/se-debarrasser-dune-cuve-a-fioul\/\"><strong>obligations tr\u00e8s encadr\u00e9es <\/strong><\/a>par le l\u00e9gislateur. La d\u00e9pose, la neutralisation et le d\u00e9gazage de cuve fioul non utilis\u00e9e, doit \u00eatre r\u00e9alis\u00e9e dans les r\u00e8gles de l&#8217;art, de pr\u00e9f\u00e9rences par des entreprises sp\u00e9cialis\u00e9es dans le domaine. Nous sommes <a href=\"https:\/\/www.berrand-sarl.fr\/EnR\/contacter\/\"><strong>en mesure de vous indiquer la soci\u00e9t\u00e9<\/strong><\/a> \u00e0 qui nous confions ce travail quand cela nous est n\u00e9cessaire.<\/p>\n\n\n<div class=\"wp-block-image\">\n<figure class=\"aligncenter size-medium is-resized\"><img loading=\"lazy\" decoding=\"async\" width=\"300\" height=\"225\" src=\"https:\/\/www.berrand-sarl.fr\/EnR\/wp-content\/uploads\/2025\/08\/cuve_fioul_sale-300x225.jpg\" alt=\"Cuve fioul sale\" class=\"wp-image-14400\" style=\"width:418px;height:auto\" srcset=\"https:\/\/www.berrand-sarl.fr\/EnR\/wp-content\/uploads\/2025\/08\/cuve_fioul_sale-300x225.jpg 300w, https:\/\/www.berrand-sarl.fr\/EnR\/wp-content\/uploads\/2025\/08\/cuve_fioul_sale-768x576.jpg 768w, https:\/\/www.berrand-sarl.fr\/EnR\/wp-content\/uploads\/2025\/08\/cuve_fioul_sale.jpg 800w\" sizes=\"auto, (max-width: 300px) 100vw, 300px\" \/><figcaption class=\"wp-element-caption\">D\u00e9p\u00f4ts d&#8217;une citerne fioul \u00e0 nettoyer<\/figcaption><\/figure>\n<\/div>\n\n\n<p>Depuis le 1er juillet 2004, <a href=\"https:\/\/www.legifrance.gouv.fr\/loda\/article_lc\/LEGIARTI000020342730\"><strong>la Loi rend obligatoire la neutralisation <\/strong><\/a><strong>des cuves \u00e0 hydrocarbures lors d&#8217;un abandon d\u00e9finitif ou provisoire<\/strong>. Selon l&#8217;article 28, cette r\u00e8glementation sur les cuves \u00e0 fioul vise \u00e0 \u00e9viter tout risque de formation de vapeurs dangereuses. Un certificat de conformit\u00e9 sera la preuve l\u00e9gale du traitement de la cuve fioul neutralis\u00e9e. France r\u00e9nove <a href=\"https:\/\/france-renov.gouv.fr\/renovation\/chauffage\/depose-cuve-fioul\"><strong>d\u00e9crit bri\u00e8vement ce processus<\/strong><\/a> . Il faut savoir que des <a href=\"https:\/\/www.anah.gouv.fr\/sites\/default\/files\/2025-01\/2025-guide-aides-financieres.pdf\"><strong>aides substantielles<\/strong><\/a> existent afin de minimiser le co\u00fbt d&#8217;une telle intervention. Comme toutes les aides, ce r\u00e9f\u00e9rer au tableau des bar\u00e8mes (<a href=\"https:\/\/www.anah.gouv.fr\/sites\/default\/files\/2025-01\/2025-guide-aides-financieres.pdf\"><strong>page 17 du document<\/strong><\/a> des aides). Les m\u00e9nages aux ressources tr\u00e8s modestes peuvent b\u00e9n\u00e9ficier d\u2019une avance allant jusqu\u2019\u00e0 50 % maximum du montant de la prime.<\/p>\n\n\n\n<blockquote class=\"wp-block-quote has-text-color has-link-color wp-elements-d1b7d402a46f337e6909a45704fca236 is-layout-flow wp-block-quote-is-layout-flow\" style=\"color:#5d07ae\">\n<p style=\"font-size:18px\"><strong>Notre soci\u00e9t\u00e9 ne r\u00e9alise pas elle-m\u00eame le nettoyage ou la neutralisation complet des citernes. Nous conseillons de solliciter votre fournisseur de fioul domestique, qui dispose g\u00e9n\u00e9ralement de l\u2019\u00e9quipement sp\u00e9cialis\u00e9, comme des pompes et des syst\u00e8mes de filtration adapt\u00e9s, ainsi que des comp\u00e9tences en mati\u00e8re de s\u00e9curit\u00e9, afin d\u2019intervenir dans cet environnement particulier.<\/strong><\/p>\n<\/blockquote>\n\n\n<div class=\"wp-block-image is-style-rounded\">\n<figure class=\"alignright size-full\" id=\"Haut_de_page\"><a href=\"#\"><img loading=\"lazy\" decoding=\"async\" width=\"40\" height=\"40\" src=\"https:\/\/www.berrand-sarl.fr\/EnR\/wp-content\/uploads\/2026\/04\/haut-page.jpg\" alt=\"Bouton haut page\" class=\"wp-image-15961\" title=\"Bouton vers haut de page\"\/><\/a><\/figure>\n<\/div>\n\n\n<p><\/p>\n","protected":false},"excerpt":{"rendered":"<p>Deux volets \u00e0 lire dans cette page: 1\/ Pourquoi nettoyer votre cuve et votre chaudi\u00e8re 2\/ Enl\u00e8vement et d\u00e9pose d&#8217;une cuve fioul Pourquoi nettoyer votre cuve et votre chaudi\u00e8re Raisons pour lesquelles votre cuve peut \u00eatre contamin\u00e9e : 1. Pr\u00e9sence&#8230; <\/p>\n","protected":false},"author":1,"featured_media":0,"parent":0,"menu_order":0,"comment_status":"closed","ping_status":"closed","template":"","meta":{"_seopress_robots_primary_cat":"","_seopress_titles_title":"Pourquoi nettoyer votre cuve fioul%%sep%% %%sitetitle%%","_seopress_titles_desc":"Pourquoi nettoyer votre cuve : LES RAISONS QUI FONT QUE VOTRE CUVE EST \u00ab SALE \u00bb","_seopress_robots_index":"","_themeisle_gutenberg_block_has_review":false,"footnotes":""},"class_list":["post-3029","page","type-page","status-publish","hentry"],"_links":{"self":[{"href":"https:\/\/www.berrand-sarl.fr\/EnR\/wp-json\/wp\/v2\/pages\/3029","targetHints":{"allow":["GET"]}}],"collection":[{"href":"https:\/\/www.berrand-sarl.fr\/EnR\/wp-json\/wp\/v2\/pages"}],"about":[{"href":"https:\/\/www.berrand-sarl.fr\/EnR\/wp-json\/wp\/v2\/types\/page"}],"author":[{"embeddable":true,"href":"https:\/\/www.berrand-sarl.fr\/EnR\/wp-json\/wp\/v2\/users\/1"}],"replies":[{"embeddable":true,"href":"https:\/\/www.berrand-sarl.fr\/EnR\/wp-json\/wp\/v2\/comments?post=3029"}],"version-history":[{"count":0,"href":"https:\/\/www.berrand-sarl.fr\/EnR\/wp-json\/wp\/v2\/pages\/3029\/revisions"}],"wp:attachment":[{"href":"https:\/\/www.berrand-sarl.fr\/EnR\/wp-json\/wp\/v2\/media?parent=3029"}],"curies":[{"name":"wp","href":"https:\/\/api.w.org\/{rel}","templated":true}]}}