{"id":2816,"date":"2025-04-23T11:53:04","date_gmt":"2025-04-23T09:53:04","guid":{"rendered":"https:\/\/www.berrand-sarl.fr\/EnR\/?page_id=2816"},"modified":"2026-03-02T17:46:04","modified_gmt":"2026-03-02T16:46:04","slug":"aspiration-centralisee","status":"publish","type":"page","link":"https:\/\/www.berrand-sarl.fr\/EnR\/aspiration-centralisee\/","title":{"rendered":"Aspiration centralis\u00e9e des poussi\u00e8res de maison"},"content":{"rendered":"\n<p class=\"has-text-align-right\"><a href=\"#Vers-Haut-de-page\">Bas de page<\/a><\/p>\n\n\n\n<h2 class=\"wp-block-heading has-text-align-center has-vivid-purple-color has-text-color\">Leaders du march\u00e9 de l\u2019aspiration centralis\u00e9e<\/h2>\n\n\n\n<h2 class=\"wp-block-heading has-text-align-center has-text-color\" style=\"color:#13631d\">nous faisons confiance et installons deux grandes marques, <\/h2>\n\n\n\n<p class=\"has-drop-cap has-text-color has-medium-font-size\" style=\"color:#0637e5\"><strong><em>Il est ingrat pour chacun d&rsquo;entre nous, de devoir aller \u00ab\u00a0chercher l&rsquo;aspirateur\u00a0\u00bb au fond d&rsquo;un placard encombr\u00e9, de raccorder tuyau et c\u00e2ble \u00e9lectrique, avec un lourd appareil qui cogne&nbsp;et ab\u00eeme vos meubles en roulant et faisant beaucoup trop de bruit!&nbsp;&#8230;<\/em><\/strong><\/p>\n\n\n\n<h3 class=\"wp-block-heading has-text-align-center has-vivid-purple-color has-text-color\"><strong>Pourtant, une solution simple et puissante existe:<\/strong><\/h3>\n\n\n\n<p class=\"has-text-align-center\">Il est temps de d\u00e9couvrir vous aussi l&rsquo;aspiration centralis\u00e9e qui va r\u00e9volutionner votre m\u00e9nage en le rendant plus confortable, plus pratique, plus sain puisqu&rsquo;il \u00e9limine <strong>100% des poussi\u00e8res de la pi\u00e8ce !<br><\/strong><\/p>\n\n\n\n<p>L&rsquo;aspiration centralis\u00e9e&nbsp;vous lib\u00e8re des inconv\u00e9nients li\u00e9s au poids et \u00e0 l&rsquo;encombrement d&rsquo;un aspirateur classique.<\/p>\n\n\n\n<p>La pr\u00e9sence d&rsquo;un flexible souple et l\u00e9ger et l&rsquo;absence de branchement \u00e9lectrique offrent une parfaite libert\u00e9 de mouvement et une s\u00e9curit\u00e9 totale.<\/p>\n\n\n\n<p>Pour votre confort, la plinthe aspirante plac\u00e9e dans la cuisine ou la salle de bain aspire rapidement miettes, poussi\u00e8res et cheveux pour un m\u00e9nage rapide et quotidien.<\/p>\n\n\n\n<p>L&rsquo;aspiration centralis\u00e9e offre ainsi la possibilit\u00e9 d&rsquo;accro\u00eetre l&rsquo;efficacit\u00e9 de l&rsquo;utilisateur et donc de lui faire gagner un temps pr\u00e9cieux.<\/p>\n\n\n<div class=\"wp-block-image\">\n<figure class=\"aligncenter is-resized\"><a href=\"https:\/\/www.berrand-sarl.fr\/images\/Images_Agrandies\/Installation_Electrolux.jpg\"><img decoding=\"async\" src=\"https:\/\/www.berrand-sarl.fr\/images\/Images_Agrandies\/Installation_Electrolux.jpg\" alt=\"Coupe d'une installation d'aspiration centralis\u00e9e des poussi\u00e8res par Electrolux\" style=\"width:1900px\"\/><\/a><figcaption class=\"wp-element-caption\">Coupe d&rsquo;une maison \u00e9quip\u00e9e d&rsquo;aspiration centralis\u00e9e.<\/figcaption><\/figure>\n<\/div>\n\n\n<p>Contribuer \u00e0 la qualit\u00e9 de l&rsquo;air de votre habitat, voil\u00e0 un atout essentiel de l&rsquo;aspirateur centralis\u00e9.<\/p>\n\n\n\n<p>En effet, un aspirateur classique rejette jusqu&rsquo;\u00e0 60% de micropoussi\u00e8res et acariens dans la pi\u00e8ce nettoy\u00e9e. Avec l&rsquo;aspiration centralis\u00e9e les poussi\u00e8res aspir\u00e9es via les conduits sont rejet\u00e9es \u00e0 l&rsquo;ext\u00e9rieur des pi\u00e8ces de vie. La haute qualit\u00e9 de filtration du sac prot\u00e8ge le moteur et garantit un air propre au rejet.<\/p>\n\n\n\n<p>La centrale d&rsquo;aspiration, plac\u00e9e dans un local technique \u00e0 l&rsquo;\u00e9cart des pi\u00e8ces de vie, permet de limiter les nuisances sonores et d&rsquo;aspirer en silence sans g\u00eaner l&rsquo;entourage.<\/p>\n\n\n\n<p>Les modes de vie \u00e9voluant, chacun r\u00eave \u00e0 plus de confort et \u00e0 une qualit\u00e9 de vie qui passe aussi par un gain de temps et d&rsquo;efficacit\u00e9 sur le nettoyage.<\/p>\n\n\n\n<div class=\"wp-block-group\"><div class=\"wp-block-group__inner-container is-layout-constrained wp-block-group-is-layout-constrained\">\n<h2 class=\"wp-block-heading has-text-align-center has-vivid-purple-color has-text-color\" style=\"font-size:29px\">Description d&rsquo;une installation:<\/h2>\n\n\n\n<div class=\"wp-block-group\"><div class=\"wp-block-group__inner-container is-layout-constrained wp-block-group-is-layout-constrained\">\n<p>L&rsquo;aspiration centralis\u00e9e est un&nbsp; syst\u00e8me fixe d&rsquo;aspiration de poussi\u00e8res. <\/p>\n\n\n\n<p>Le syst\u00e8me est mono utilisateur (habitat, petit tertiaire, etc&#8230;) ou multi-utilisateurs ( tertiaire et\/ou, industrie).<\/p>\n\n\n\n<p>Il est compos\u00e9 de:<\/p>\n\n\n\n<p>\u2022 Une centrale d&rsquo;aspiration plac\u00e9e dans le local technique<\/p>\n\n\n\n<p>\u2022 Des prises d&rsquo;aspiration situ\u00e9es dans les murs des zones \u00e0 nettoyer.<\/p>\n\n\n\n<p>\u2022 Un flexible et des accessoires de nettoyage.<\/p>\n\n\n\n<p class=\"has-text-align-center has-text-color\" style=\"color:#12c430\"><strong>Il suffit de brancher le flexible sur une prise pour permettre un nettoyage rapide, efficace et hygi\u00e9nique. <\/strong><\/p>\n<\/div><\/div>\n<\/div><\/div>\n\n\n\n<h3 class=\"wp-block-heading has-text-align-center\">1\/ L&rsquo;<a href=\"https:\/\/www.aldes.fr\/produits\/aspiration-centralisee\/centrales-d-aspiration\/pack-centrale-c.axpir-initia\">aspiration centralis\u00e9e chez Ald\u00e9s<\/a><\/h3>\n\n\n\n<p>Parfait pour vous. L\u2019aspiration centralis\u00e9e Ald\u00e9s, un \u00e9quipement moderne, rapide et efficace, au service de l\u2019hygi\u00e8ne et de la qualit\u00e9 de l\u2019air dans l\u2019habitat.<\/p>\n\n\n<div class=\"wp-block-image\">\n<figure class=\"aligncenter size-full is-resized\"><img loading=\"lazy\" decoding=\"async\" width=\"679\" height=\"500\" src=\"https:\/\/www.berrand-sarl.fr\/EnR\/wp-content\/uploads\/2024\/11\/51judbeuopl._ac_sx679_1.jpg\" alt=\"Kit d'aspiration ALDES\" class=\"wp-image-12385\" style=\"aspect-ratio:1.3333333333333333;object-fit:cover;width:404px;height:auto\" srcset=\"https:\/\/www.berrand-sarl.fr\/EnR\/wp-content\/uploads\/2024\/11\/51judbeuopl._ac_sx679_1.jpg 679w, https:\/\/www.berrand-sarl.fr\/EnR\/wp-content\/uploads\/2024\/11\/51judbeuopl._ac_sx679_1-300x221.jpg 300w\" sizes=\"auto, (max-width: 679px) 100vw, 679px\" \/><figcaption class=\"wp-element-caption\">Kit d&rsquo;aspiration ALDES<\/figcaption><\/figure>\n<\/div>\n\n\n<figure class=\"wp-block-image size-full\"><img loading=\"lazy\" decoding=\"async\" width=\"1024\" height=\"5\" src=\"https:\/\/www.berrand-sarl.fr\/EnR\/wp-content\/uploads\/2024\/10\/barre_bleue_fonce.jpg\" alt=\"Barre bleue fonce\" class=\"wp-image-12113\" srcset=\"https:\/\/www.berrand-sarl.fr\/EnR\/wp-content\/uploads\/2024\/10\/barre_bleue_fonce.jpg 1024w, https:\/\/www.berrand-sarl.fr\/EnR\/wp-content\/uploads\/2024\/10\/barre_bleue_fonce-300x1.jpg 300w, https:\/\/www.berrand-sarl.fr\/EnR\/wp-content\/uploads\/2024\/10\/barre_bleue_fonce-768x4.jpg 768w\" sizes=\"auto, (max-width: 1024px) 100vw, 1024px\" \/><\/figure>\n\n\n\n<h3 class=\"wp-block-heading has-text-align-center\"><mark style=\"background-color:rgba(0, 0, 0, 0)\" class=\"has-inline-color has-vivid-cyan-blue-color\">2\/ L&rsquo;<\/mark>aspiration centralis\u00e9e chez Beam Electrolux<\/h3>\n\n\n\n<figure class=\"wp-block-video aligncenter\"><video controls src=\"https:\/\/www.berrand-sarl.fr\/Entreprise\/Sons_MP3_MP4\/Beam.mp4\" playsinline><\/video><figcaption class=\"wp-element-caption\"><strong><span class=\"has-inline-color has-vivid-red-color\">Cliquez sur l&rsquo;image pour lire la vid\u00e9o<\/span><\/strong><\/figcaption><\/figure>\n\n\n\n<div style=\"height:30px\" aria-hidden=\"true\" class=\"wp-block-spacer\"><\/div>\n\n\n\n<figure class=\"wp-block-image size-full is-style-blogshare-border\"><img loading=\"lazy\" decoding=\"async\" width=\"1000\" height=\"650\" src=\"https:\/\/www.berrand-sarl.fr\/EnR\/wp-content\/uploads\/2019\/02\/Beam_Electrolux.jpeg\" alt=\"Centrales d'aspiration Beam Electrolux\" class=\"wp-image-1073\" srcset=\"https:\/\/www.berrand-sarl.fr\/EnR\/wp-content\/uploads\/2019\/02\/Beam_Electrolux.jpeg 1000w, https:\/\/www.berrand-sarl.fr\/EnR\/wp-content\/uploads\/2019\/02\/Beam_Electrolux-300x195.jpeg 300w, https:\/\/www.berrand-sarl.fr\/EnR\/wp-content\/uploads\/2019\/02\/Beam_Electrolux-768x499.jpeg 768w, https:\/\/www.berrand-sarl.fr\/EnR\/wp-content\/uploads\/2019\/02\/Beam_Electrolux-769x500.jpeg 769w\" sizes=\"auto, (max-width: 1000px) 100vw, 1000px\" \/><figcaption class=\"wp-element-caption\">Aspiration centralis\u00e9e Beam Electrolux<\/figcaption><\/figure>\n\n\n<div class=\"wp-block-image\">\n<figure class=\"aligncenter size-large is-resized\"><a href=\"https:\/\/www.berrand-sarl.fr\/EnR\/contacter\/\"><img loading=\"lazy\" decoding=\"async\" src=\"https:\/\/www.berrand-sarl.fr\/EnR\/wp-content\/uploads\/2020\/11\/Bouton_Contactez-nous-edited.gif\" alt=\"Bouton Contactez-nous\" class=\"wp-image-5895\" width=\"173\" height=\"56\"\/><\/a><\/figure>\n<\/div>\n\n\n<p class=\"has-text-align-center has-text-color\" id=\"Vers-Haut-de-page\" style=\"color:#227819\"><strong><a href=\"#\">Vers haut de page<\/a><\/strong><\/p>\n","protected":false},"excerpt":{"rendered":"<p>Leaders du march\u00e9 de l\u2019aspiration centralis\u00e9e nous faisons confiance et installons deux grandes marques, Il est ingrat pour chacun d&rsquo;entre nous, de devoir aller \u00ab\u00a0chercher l&rsquo;aspirateur\u00a0\u00bb au fond d&rsquo;un placard encombr\u00e9, de raccorder tuyau et c\u00e2ble \u00e9lectrique, avec un lourd&#8230; <\/p>\n","protected":false},"author":1,"featured_media":0,"parent":0,"menu_order":0,"comment_status":"closed","ping_status":"closed","template":"","meta":{"_seopress_robots_primary_cat":"","_seopress_titles_title":"Aspiration centralis\u00e9e des poussi\u00e8res de maison","_seopress_titles_desc":"L\u2019aspiration centralis\u00e9e lib\u00e8re des inconv\u00e9nients li\u00e9s au poids et \u00e0 l\u2019encombrement d\u2019un aspirateur classique.","_seopress_robots_index":"","_themeisle_gutenberg_block_has_review":false,"footnotes":""},"class_list":["post-2816","page","type-page","status-publish","hentry"],"_links":{"self":[{"href":"https:\/\/www.berrand-sarl.fr\/EnR\/wp-json\/wp\/v2\/pages\/2816","targetHints":{"allow":["GET"]}}],"collection":[{"href":"https:\/\/www.berrand-sarl.fr\/EnR\/wp-json\/wp\/v2\/pages"}],"about":[{"href":"https:\/\/www.berrand-sarl.fr\/EnR\/wp-json\/wp\/v2\/types\/page"}],"author":[{"embeddable":true,"href":"https:\/\/www.berrand-sarl.fr\/EnR\/wp-json\/wp\/v2\/users\/1"}],"replies":[{"embeddable":true,"href":"https:\/\/www.berrand-sarl.fr\/EnR\/wp-json\/wp\/v2\/comments?post=2816"}],"version-history":[{"count":1,"href":"https:\/\/www.berrand-sarl.fr\/EnR\/wp-json\/wp\/v2\/pages\/2816\/revisions"}],"predecessor-version":[{"id":15776,"href":"https:\/\/www.berrand-sarl.fr\/EnR\/wp-json\/wp\/v2\/pages\/2816\/revisions\/15776"}],"wp:attachment":[{"href":"https:\/\/www.berrand-sarl.fr\/EnR\/wp-json\/wp\/v2\/media?parent=2816"}],"curies":[{"name":"wp","href":"https:\/\/api.w.org\/{rel}","templated":true}]}}