{"id":2318,"date":"2024-12-22T18:56:59","date_gmt":"2024-12-22T17:56:59","guid":{"rendered":"https:\/\/www.berrand-sarl.fr\/EnR\/?page_id=2318"},"modified":"2026-03-01T17:20:04","modified_gmt":"2026-03-01T16:20:04","slug":"les-poeles-a-bois-buches","status":"publish","type":"page","link":"https:\/\/www.berrand-sarl.fr\/EnR\/les-poeles-a-bois-buches\/","title":{"rendered":"Po\u00eales bois b\u00fbches"},"content":{"rendered":"<div class=\"wp-block-image is-style-rounded\">\n<figure class=\"alignright size-full is-resized\" id=\"-Haut_de_page\"><a href=\"#Haut_de_page\" rel=\"Bouton haut page\"><img loading=\"lazy\" decoding=\"async\" width=\"40\" height=\"40\" src=\"https:\/\/www.berrand-sarl.fr\/EnR\/wp-content\/uploads\/2026\/04\/bas-page.jpg\" alt=\"Bouton bas page\" class=\"wp-image-15962\" style=\"width:40px;height:auto\" title=\"Vers bas de page\"\/><\/a><\/figure>\n<\/div>\n\n\n<h2 class=\"wp-block-heading has-text-align-center has-vivid-purple-color has-text-color has-large-font-size\">ou chauffage par biomasse<\/h2>\n\n\n\n<p>En mati\u00e8re de <a href=\"https:\/\/www.berrand-sarl.fr\/EnR\/chauffage-central-a-eau-chaude\/\">chauffage<\/a>, la diversit\u00e9 des dispositifs disponibles a propuls\u00e9 le chauffage au <a href=\"https:\/\/www.berrand-sarl.fr\/EnR\/chaudiere-a-granules-de-bois-pellets\/\">bois<\/a> b\u00fbches comme une option s\u00e9rieuse \u00e0 consid\u00e9rer. Non seulement il permet de profiter de la beaut\u00e9 des flammes dans la chemin\u00e9e, mais il offre \u00e9galement des \u00e9conomies significatives par rapport \u00e0 d&#8217;<strong><a href=\"https:\/\/www.berrand-sarl.fr\/EnR\/comparatif-du-cout-des-energies-en-france\/\">autres sources d&#8217;\u00e9nergie<\/a><\/strong> telles que le<strong><a href=\"https:\/\/www.berrand-sarl.fr\/EnR\/chauffage-au-gaz-naturel\/\"> gaz<\/a><\/strong>, le <strong><a href=\"https:\/\/www.berrand-sarl.fr\/EnR\/chaudiere-biofioul-f30-hybride\/\">fioul domestique<\/a><\/strong>, ou, bien pire, l&#8217;<strong><a href=\"http:\/\/nucleaire-nonmerci.net\/nucleaire-et-ecologie-aberration-chauffage-electrique.html#suede\">\u00e9lectricit\u00e9.<\/a><\/strong> Cependant, il est important de noter que le chauffage au bois n&#8217;est pas exempt de crit\u00e8re \u00e9cologique, particuli\u00e8rement en ce qui concerne les \u00e9missions de polluants dans l&#8217;environnement.<\/p>\n\n\n\n<p>Les po\u00eales et inserts \u00e0 bois b\u00fbches se distinguent par leur performance, apportant confort, convivialit\u00e9 et efficacit\u00e9 \u00e0 votre int\u00e9rieur. N\u00e9anmoins, il existe certaines contraintes sp\u00e9cifiques au bois b\u00fbches \u00e0 garder \u00e0 l&#8217;esprit : la gestion de l&#8217;approvisionnement en b\u00fbches, le nettoyage r\u00e9gulier du foyer, et le fait que ces <a href=\"https:\/\/www.berrand-sarl.fr\/EnR\/nos-activites\/\">activit\u00e9s<\/a> peuvent g\u00e9n\u00e9rer de la poussi\u00e8re. De plus, un <strong><a href=\"https:\/\/www.berrand-sarl.fr\/EnR\/entretien-de-chaudieres\/\">ramonage biannuel <\/a><\/strong>du conduit de raccordement et de la chemin\u00e9e est n\u00e9cessaire, surtout en cas d&#8217;utilisation quotidienne.<\/p>\n\n\n\n<p>Il est \u00e9galement important de noter que la plupart des po\u00eales \u00e0 bois ne chauffent qu&#8217;une partie de l&#8217;habitation en fonction de leur emplacement, et peuvent \u00eatre utilis\u00e9s principalement comme chauffage d&#8217;appoint. Du fait de leur capacit\u00e9 \u00e0 d\u00e9gager des temp\u00e9ratures \u00e9lev\u00e9es, leur installation doit respecter scrupuleusement les normes en vigueur, notamment celles li\u00e9es \u00e0 l&#8217;isolation et aux distances de s\u00e9curit\u00e9 par rapport aux mat\u00e9riaux combustibles environnants.<\/p>\n\n\n\n<h2 class=\"wp-block-heading has-text-align-center has-vivid-purple-color has-text-color has-large-font-size\">En direct des chantiers: nos r\u00e9alisations<\/h2>\n\n\n\n<h3 class=\"wp-block-heading has-text-align-center has-text-color\" style=\"color:#a14a0c;font-size:22px\">1\/ <strong>Chemin\u00e9e centrale bois b\u00fbches avec b\u00fbcher BRONPI &#8220;HUELVA&#8221;, <\/strong><\/h3>\n\n\n\n<p><strong>Chambre en fonte\/acier 4 faces avec 2 portes, habillage en acier, syst\u00e8me vitre propre, b\u00fbche 60 cm, buse diam\u00e8tre 200 mm , puissance 16 kW (Rendement \u00e9nerg\u00e9tique :&nbsp;\u00e7 76%.<\/strong><\/p>\n\n\n\n<figure class=\"wp-block-image size-full\"><img loading=\"lazy\" decoding=\"async\" width=\"1200\" height=\"892\" src=\"https:\/\/www.berrand-sarl.fr\/EnR\/wp-content\/uploads\/2019\/07\/Poele2.jpg\" alt=\"Chemin\u00e9e centrale bois b\u00fbches avec b\u00fbcher BRONPI &quot;HUELVA&quot;\" class=\"wp-image-2338\" srcset=\"https:\/\/www.berrand-sarl.fr\/EnR\/wp-content\/uploads\/2019\/07\/Poele2.jpg 1200w, https:\/\/www.berrand-sarl.fr\/EnR\/wp-content\/uploads\/2019\/07\/Poele2-300x223.jpg 300w, https:\/\/www.berrand-sarl.fr\/EnR\/wp-content\/uploads\/2019\/07\/Poele2-768x571.jpg 768w, https:\/\/www.berrand-sarl.fr\/EnR\/wp-content\/uploads\/2019\/07\/Poele2-1024x761.jpg 1024w, https:\/\/www.berrand-sarl.fr\/EnR\/wp-content\/uploads\/2019\/07\/Poele2-175x131.jpg 175w, https:\/\/www.berrand-sarl.fr\/EnR\/wp-content\/uploads\/2019\/07\/Poele2-673x500.jpg 673w\" sizes=\"auto, (max-width: 1200px) 100vw, 1200px\" \/><\/figure>\n\n\n\n<div class=\"wp-block-group\"><div class=\"wp-block-group__inner-container is-layout-flow wp-block-group-is-layout-flow\">\n<div style=\"height:21px\" aria-hidden=\"true\" class=\"wp-block-spacer\"><\/div>\n\n\n\n<ul class=\"wp-block-list\">\n<li><mark style=\"background-color:rgba(0, 0, 0, 0);color:#f70000\" class=\"has-inline-color\"><strong>CARACTERISTIQUES DE L&#8217;APPAREIL<\/strong><\/mark>\n<ul class=\"wp-block-list\">\n<li><strong>Concentration moyenne CO : E 0.12%.<\/strong><\/li>\n\n\n\n<li><strong>Emission de particules fines: PM 35 mg\/Nm3.<\/strong><\/li>\n\n\n\n<li><strong>Emission de particules fines: PM 35 mg\/Nm3.<\/strong><\/li>\n\n\n\n<li><strong>Classe \u00e9nerg\u00e9tique : A. Classe FLAMME VERTE : 7 Etoiles).<\/strong><\/li>\n\n\n\n<li><strong>Dimensions: 700 x 700 x 1285 mm (Hors cache tuyau), cache tuyau pour hauteur totale de 2400 a 2890 mm.<\/strong><\/li>\n\n\n\n<li><strong>Compris: poign\u00e9e main-froide, gant thermique, soufflet \u00e9lectrique (Sans piles), r\u00e2teau a attiser, bac \u00e0 cendre.<\/strong><\/li>\n<\/ul>\n<\/li>\n\n\n\n<li><strong><mark style=\"background-color:rgba(0, 0, 0, 0);color:#1701eb\" class=\"has-inline-color\">Garantie pi\u00e8ces : 5 ans<\/mark><\/strong><\/li>\n<\/ul>\n<\/div><\/div>\n\n\n\n<h3 class=\"wp-block-heading has-text-align-center has-text-color\" style=\"color:#a14a0c;font-size:22px\"><strong>2\/ Thermo-po\u00eale HPE double foyer (Bois b\u00fbche\/pellets) <\/strong><\/h3>\n\n\n\n<p> <strong>Thermopo\u00eale HPE double foyer (Bois b\u00fbche\/pellets) marque KLOVER &#8220;DUAL&#8221;. Puissances : 11,3 kW bois b\u00fbches (4,8 kW air, 6,5 kW eau, 16,1 kW pellets (4,8 kW air, 11,2 kW eau). Coloris : &#8220;IVOIRE&#8221; (Autres coloris disponibles). Dimensions : 870 x 630 x 110 mm. Compris : t\u00e9l\u00e9commande infrarouge, kit hydraulique complet.<\/strong>                                                                                                                                                                                                                                                                                                                                                                                                                                                                                                                                                                                                                           <br>                                                                                          <\/p>\n\n\n\n<figure class=\"wp-block-gallery aligncenter has-nested-images columns-default is-cropped wp-block-gallery-2 is-layout-flex wp-block-gallery-is-layout-flex\">\n<figure class=\"wp-block-image size-large\"><img loading=\"lazy\" decoding=\"async\" width=\"743\" height=\"1024\" data-id=\"4012\" src=\"https:\/\/www.berrand-sarl.fr\/EnR\/wp-content\/uploads\/2020\/02\/granul\u00e9sbuches-743x1024.jpg\" alt=\"Granul\u00e9s+buches\" class=\"wp-image-4012\" srcset=\"https:\/\/www.berrand-sarl.fr\/EnR\/wp-content\/uploads\/2020\/02\/granul\u00e9sbuches-743x1024.jpg 743w, https:\/\/www.berrand-sarl.fr\/EnR\/wp-content\/uploads\/2020\/02\/granul\u00e9sbuches-218x300.jpg 218w, https:\/\/www.berrand-sarl.fr\/EnR\/wp-content\/uploads\/2020\/02\/granul\u00e9sbuches-768x1058.jpg 768w, https:\/\/www.berrand-sarl.fr\/EnR\/wp-content\/uploads\/2020\/02\/granul\u00e9sbuches-1115x1536.jpg 1115w, https:\/\/www.berrand-sarl.fr\/EnR\/wp-content\/uploads\/2020\/02\/granul\u00e9sbuches-1486x2048.jpg 1486w, https:\/\/www.berrand-sarl.fr\/EnR\/wp-content\/uploads\/2020\/02\/granul\u00e9sbuches.jpg 1500w\" sizes=\"auto, (max-width: 743px) 100vw, 743px\" \/><figcaption class=\"wp-element-caption\">Granul\u00e9s+buches<\/figcaption><\/figure>\n\n\n\n<figure class=\"wp-block-image size-large is-style-default\"><img loading=\"lazy\" decoding=\"async\" width=\"1024\" height=\"768\" data-id=\"4011\" src=\"https:\/\/www.berrand-sarl.fr\/EnR\/wp-content\/uploads\/2020\/02\/Chaufferie2-1-1024x768.jpg\" alt=\"Chaufferie\" class=\"wp-image-4011\" srcset=\"https:\/\/www.berrand-sarl.fr\/EnR\/wp-content\/uploads\/2020\/02\/Chaufferie2-1-1024x768.jpg 1024w, https:\/\/www.berrand-sarl.fr\/EnR\/wp-content\/uploads\/2020\/02\/Chaufferie2-1-300x225.jpg 300w, https:\/\/www.berrand-sarl.fr\/EnR\/wp-content\/uploads\/2020\/02\/Chaufferie2-1-768x576.jpg 768w, https:\/\/www.berrand-sarl.fr\/EnR\/wp-content\/uploads\/2020\/02\/Chaufferie2-1.jpg 1500w\" sizes=\"auto, (max-width: 1024px) 100vw, 1024px\" \/><figcaption class=\"wp-element-caption\">Chaufferie2<\/figcaption><\/figure>\n<figcaption class=\"blocks-gallery-caption wp-element-caption\"><strong>Chaufferie Mixte bois b\u00fbches et <a href=\"https:\/\/www.berrand-sarl.fr\/EnR\/chaudiere-a-granules-de-bois-pellets\/\">granul\u00e9s<\/a><\/strong><\/figcaption><\/figure>\n\n\n\n<p class=\"has-vivid-purple-color has-text-color has-link-color wp-elements-11585c62812cd13558328d04a08bb626\"><strong>CLASSE HAUTE PERFORMANCE \u00c9NERG\u00c9TIQUE BOIS B\u00dbCHE (NF 13240): Rendement \u00e9nerg\u00e9tique: \u03b791.9 %. Concentration moyenne CO : E 0.093 %. Indice de performance environnemental : I 0.032. Emission de particules fines : PM 15.5 mg\/Nm3.<\/strong><\/p>\n\n\n<div class=\"wp-block-image is-style-rounded\">\n<figure class=\"alignright size-full\" id=\"Haut_de_page\"><a href=\"#\"><img loading=\"lazy\" decoding=\"async\" width=\"40\" height=\"40\" src=\"https:\/\/www.berrand-sarl.fr\/EnR\/wp-content\/uploads\/2026\/04\/haut-page.jpg\" alt=\"Bouton haut page\" class=\"wp-image-15961\" title=\"Bouton vers haut de page\"\/><\/a><\/figure>\n<\/div>","protected":false},"excerpt":{"rendered":"<p>ou chauffage par biomasse En mati\u00e8re de chauffage, la diversit\u00e9 des dispositifs disponibles a propuls\u00e9 le chauffage au bois b\u00fbches comme une option s\u00e9rieuse \u00e0 consid\u00e9rer. Non seulement il permet de profiter de la beaut\u00e9 des flammes dans la chemin\u00e9e,&#8230; <\/p>\n","protected":false},"author":1,"featured_media":0,"parent":0,"menu_order":0,"comment_status":"closed","ping_status":"closed","template":"","meta":{"_seopress_robots_primary_cat":"","_seopress_titles_title":"Po\u00eales bois b\u00fbches, biomasse %%sep%% %%sitetitle%%","_seopress_titles_desc":"Les po\u00eales ou les inserts \"bois b\u00fbches\" sont devenus tr\u00e8s performants et apportent convivialit\u00e9, efficacit\u00e9 et confort.","_seopress_robots_index":"","_themeisle_gutenberg_block_has_review":false,"footnotes":""},"class_list":["post-2318","page","type-page","status-publish","hentry"],"_links":{"self":[{"href":"https:\/\/www.berrand-sarl.fr\/EnR\/wp-json\/wp\/v2\/pages\/2318","targetHints":{"allow":["GET"]}}],"collection":[{"href":"https:\/\/www.berrand-sarl.fr\/EnR\/wp-json\/wp\/v2\/pages"}],"about":[{"href":"https:\/\/www.berrand-sarl.fr\/EnR\/wp-json\/wp\/v2\/types\/page"}],"author":[{"embeddable":true,"href":"https:\/\/www.berrand-sarl.fr\/EnR\/wp-json\/wp\/v2\/users\/1"}],"replies":[{"embeddable":true,"href":"https:\/\/www.berrand-sarl.fr\/EnR\/wp-json\/wp\/v2\/comments?post=2318"}],"version-history":[{"count":0,"href":"https:\/\/www.berrand-sarl.fr\/EnR\/wp-json\/wp\/v2\/pages\/2318\/revisions"}],"wp:attachment":[{"href":"https:\/\/www.berrand-sarl.fr\/EnR\/wp-json\/wp\/v2\/media?parent=2318"}],"curies":[{"name":"wp","href":"https:\/\/api.w.org\/{rel}","templated":true}]}}

Poêles bois bûches

<div class="wp-block-image is-style-rounded">
<figure class="alignright size-full is-resized" id="-Haut_de_page"><a href="#Haut_de_page" rel="Bouton haut page"><img loading="lazy" decoding="async" width="40" height="40" src="https://www.berrand-sarl.fr/EnR/wp-content/uploads/2026/04/bas-page.jpg" alt="Bouton bas page" class="wp-image-15962" style="width:40px;height:auto" title="Vers bas de page"/></a></figure>
</div>


<h2 class="wp-block-heading has-text-align-center has-vivid-purple-color has-text-color has-large-font-size">ou chauffage par biomasse</h2>



<p>En matière de <a href="https://www.berrand-sarl.fr/EnR/chauffage-central-a-eau-chaude/">chauffage</a>, la diversité des dispositifs disponibles a propulsé le chauffage au <a href="https://www.berrand-sarl.fr/EnR/chaudiere-a-granules-de-bois-pellets/">bois</a> bûches comme une option sérieuse à considérer. Non seulement il permet de profiter de la beauté des flammes dans la cheminée, mais il offre également des économies significatives par rapport à d&#8217;<strong><a href="https://www.berrand-sarl.fr/EnR/comparatif-du-cout-des-energies-en-france/">autres sources d&#8217;énergie</a></strong> telles que le<strong><a href="https://www.berrand-sarl.fr/EnR/chauffage-au-gaz-naturel/"> gaz</a></strong>, le <strong><a href="https://www.berrand-sarl.fr/EnR/chaudiere-biofioul-f30-hybride/">fioul domestique</a></strong>, ou, bien pire, l&#8217;<strong><a href="http://nucleaire-nonmerci.net/nucleaire-et-ecologie-aberration-chauffage-electrique.html#suede">électricité.</a></strong> Cependant, il est important de noter que le chauffage au bois n&#8217;est pas exempt de critère écologique, particulièrement en ce qui concerne les émissions de polluants dans l&#8217;environnement.</p>



<p>Les poêles et inserts à bois bûches se distinguent par leur performance, apportant confort, convivialité et efficacité à votre intérieur. Néanmoins, il existe certaines contraintes spécifiques au bois bûches à garder à l&#8217;esprit : la gestion de l&#8217;approvisionnement en bûches, le nettoyage régulier du foyer, et le fait que ces <a href="https://www.berrand-sarl.fr/EnR/nos-activites/">activités</a> peuvent générer de la poussière. De plus, un <strong><a href="https://www.berrand-sarl.fr/EnR/entretien-de-chaudieres/">ramonage biannuel </a></strong>du conduit de raccordement et de la cheminée est nécessaire, surtout en cas d&#8217;utilisation quotidienne.</p>



<p>Il est également important de noter que la plupart des poêles à bois ne chauffent qu&#8217;une partie de l&#8217;habitation en fonction de leur emplacement, et peuvent être utilisés principalement comme chauffage d&#8217;appoint. Du fait de leur capacité à dégager des températures élevées, leur installation doit respecter scrupuleusement les normes en vigueur, notamment celles liées à l&#8217;isolation et aux distances de sécurité par rapport aux matériaux combustibles environnants.</p>



<h2 class="wp-block-heading has-text-align-center has-vivid-purple-color has-text-color has-large-font-size">En direct des chantiers: nos réalisations</h2>



<h3 class="wp-block-heading has-text-align-center has-text-color" style="color:#a14a0c;font-size:22px">1/ <strong>Cheminée centrale bois bûches avec bûcher BRONPI &#8220;HUELVA&#8221;, </strong></h3>



<p><strong>Chambre en fonte/acier 4 faces avec 2 portes, habillage en acier, système vitre propre, bûche 60 cm, buse diamètre 200 mm , puissance 16 kW (Rendement énergétique :&nbsp;ç 76%.</strong></p>



<figure class="wp-block-image size-full"><img loading="lazy" decoding="async" width="1200" height="892" src="https://www.berrand-sarl.fr/EnR/wp-content/uploads/2019/07/Poele2.jpg" alt="Cheminée centrale bois bûches avec bûcher BRONPI &quot;HUELVA&quot;" class="wp-image-2338" srcset="https://www.berrand-sarl.fr/EnR/wp-content/uploads/2019/07/Poele2.jpg 1200w, https://www.berrand-sarl.fr/EnR/wp-content/uploads/2019/07/Poele2-300x223.jpg 300w, https://www.berrand-sarl.fr/EnR/wp-content/uploads/2019/07/Poele2-768x571.jpg 768w, https://www.berrand-sarl.fr/EnR/wp-content/uploads/2019/07/Poele2-1024x761.jpg 1024w, https://www.berrand-sarl.fr/EnR/wp-content/uploads/2019/07/Poele2-175x131.jpg 175w, https://www.berrand-sarl.fr/EnR/wp-content/uploads/2019/07/Poele2-673x500.jpg 673w" sizes="auto, (max-width: 1200px) 100vw, 1200px" /></figure>



<div class="wp-block-group"><div class="wp-block-group__inner-container is-layout-flow wp-block-group-is-layout-flow">
<div style="height:21px" aria-hidden="true" class="wp-block-spacer"></div>



<ul class="wp-block-list">
<li><mark style="background-color:rgba(0, 0, 0, 0);color:#f70000" class="has-inline-color"><strong>CARACTERISTIQUES DE L&#8217;APPAREIL</strong></mark>
<ul class="wp-block-list">
<li><strong>Concentration moyenne CO : E 0.12%.</strong></li>



<li><strong>Emission de particules fines: PM 35 mg/Nm3.</strong></li>



<li><strong>Emission de particules fines: PM 35 mg/Nm3.</strong></li>



<li><strong>Classe énergétique : A. Classe FLAMME VERTE : 7 Etoiles).</strong></li>



<li><strong>Dimensions: 700 x 700 x 1285 mm (Hors cache tuyau), cache tuyau pour hauteur totale de 2400 a 2890 mm.</strong></li>



<li><strong>Compris: poignée main-froide, gant thermique, soufflet électrique (Sans piles), râteau a attiser, bac à cendre.</strong></li>
</ul>
</li>



<li><strong><mark style="background-color:rgba(0, 0, 0, 0);color:#1701eb" class="has-inline-color">Garantie pièces : 5 ans</mark></strong></li>
</ul>
</div></div>



<h3 class="wp-block-heading has-text-align-center has-text-color" style="color:#a14a0c;font-size:22px"><strong>2/ Thermo-poêle HPE double foyer (Bois bûche/pellets) </strong></h3>



<p> <strong>Thermopoêle HPE double foyer (Bois bûche/pellets) marque KLOVER &#8220;DUAL&#8221;. Puissances : 11,3 kW bois bûches (4,8 kW air, 6,5 kW eau, 16,1 kW pellets (4,8 kW air, 11,2 kW eau). Coloris : &#8220;IVOIRE&#8221; (Autres coloris disponibles). Dimensions : 870 x 630 x 110 mm. Compris : télécommande infrarouge, kit hydraulique complet.</strong>                                                                                                                                                                                                                                                                                                                                                                                                                                                                                                                                                                                                                           <br>                                                                                          </p>



<figure class="wp-block-gallery aligncenter has-nested-images columns-default is-cropped wp-block-gallery-2 is-layout-flex wp-block-gallery-is-layout-flex">
<figure class="wp-block-image size-large"><img loading="lazy" decoding="async" width="743" height="1024" data-id="4012" src="https://www.berrand-sarl.fr/EnR/wp-content/uploads/2020/02/granulésbuches-743x1024.jpg" alt="Granulés+buches" class="wp-image-4012" srcset="https://www.berrand-sarl.fr/EnR/wp-content/uploads/2020/02/granulésbuches-743x1024.jpg 743w, https://www.berrand-sarl.fr/EnR/wp-content/uploads/2020/02/granulésbuches-218x300.jpg 218w, https://www.berrand-sarl.fr/EnR/wp-content/uploads/2020/02/granulésbuches-768x1058.jpg 768w, https://www.berrand-sarl.fr/EnR/wp-content/uploads/2020/02/granulésbuches-1115x1536.jpg 1115w, https://www.berrand-sarl.fr/EnR/wp-content/uploads/2020/02/granulésbuches-1486x2048.jpg 1486w, https://www.berrand-sarl.fr/EnR/wp-content/uploads/2020/02/granulésbuches.jpg 1500w" sizes="auto, (max-width: 743px) 100vw, 743px" /><figcaption class="wp-element-caption">Granulés+buches</figcaption></figure>



<figure class="wp-block-image size-large is-style-default"><img loading="lazy" decoding="async" width="1024" height="768" data-id="4011" src="https://www.berrand-sarl.fr/EnR/wp-content/uploads/2020/02/Chaufferie2-1-1024x768.jpg" alt="Chaufferie" class="wp-image-4011" srcset="https://www.berrand-sarl.fr/EnR/wp-content/uploads/2020/02/Chaufferie2-1-1024x768.jpg 1024w, https://www.berrand-sarl.fr/EnR/wp-content/uploads/2020/02/Chaufferie2-1-300x225.jpg 300w, https://www.berrand-sarl.fr/EnR/wp-content/uploads/2020/02/Chaufferie2-1-768x576.jpg 768w, https://www.berrand-sarl.fr/EnR/wp-content/uploads/2020/02/Chaufferie2-1.jpg 1500w" sizes="auto, (max-width: 1024px) 100vw, 1024px" /><figcaption class="wp-element-caption">Chaufferie2</figcaption></figure>
<figcaption class="blocks-gallery-caption wp-element-caption"><strong>Chaufferie Mixte bois bûches et <a href="https://www.berrand-sarl.fr/EnR/chaudiere-a-granules-de-bois-pellets/">granulés</a></strong></figcaption></figure>



<p class="has-vivid-purple-color has-text-color has-link-color wp-elements-11585c62812cd13558328d04a08bb626"><strong>CLASSE HAUTE PERFORMANCE ÉNERGÉTIQUE BOIS BÛCHE (NF 13240): Rendement énergétique: η91.9 %. Concentration moyenne CO : E 0.093 %. Indice de performance environnemental : I 0.032. Emission de particules fines : PM 15.5 mg/Nm3.</strong></p>


<div class="wp-block-image is-style-rounded">
<figure class="alignright size-full" id="Haut_de_page"><a href="#"><img loading="lazy" decoding="async" width="40" height="40" src="https://www.berrand-sarl.fr/EnR/wp-content/uploads/2026/04/haut-page.jpg" alt="Bouton haut page" class="wp-image-15961" title="Bouton vers haut de page"/></a></figure>
</div>

<p>ou chauffage par biomasse En matière de chauffage, la diversité des dispositifs disponibles a propulsé le chauffage au bois bûches comme une option sérieuse à considérer. Non seulement il permet de profiter de la beauté des flammes dans la cheminée,&#8230; </p>

Poêles bois bûches, biomasse %%sep%% %%sitetitle%%

Les poêles ou les inserts "bois bûches" sont devenus très performants et apportent convivialité, efficacité et confort.
