{"id":1601,"date":"2025-10-24T17:32:26","date_gmt":"2025-10-24T15:32:26","guid":{"rendered":"https:\/\/www.berrand-sarl.fr\/EnR\/?page_id=1601"},"modified":"2026-04-15T11:05:43","modified_gmt":"2026-04-15T09:05:43","slug":"entretien-de-chaudieres","status":"publish","type":"page","link":"https:\/\/www.berrand-sarl.fr\/EnR\/entretien-de-chaudieres\/","title":{"rendered":"Entretien de chaudi\u00e8res"},"content":{"rendered":"<div class=\"wp-block-image is-style-rounded\">\n<figure class=\"alignright size-full is-resized\" id=\"-Haut_de_page\"><a href=\"#Haut_de_page\" rel=\"Bouton haut page\"><img loading=\"lazy\" decoding=\"async\" width=\"40\" height=\"40\" src=\"https:\/\/www.berrand-sarl.fr\/EnR\/wp-content\/uploads\/2026\/04\/bas-page.jpg\" alt=\"Bouton bas page\" class=\"wp-image-15962\" style=\"width:40px;height:auto\" title=\"Vers bas de page\"\/><\/a><\/figure>\n<\/div>\n\n\n<h2 class=\"wp-block-heading has-text-align-center has-vivid-purple-color has-text-color has-large-font-size\"> <strong>Nous d\u00e9pannons et entretenons toutes marques <\/strong><\/h2>\n\n\n\n<h2 class=\"wp-block-heading has-text-align-center has-vivid-purple-color has-text-color has-large-font-size\"><strong>de chaudi\u00e8res au fioul ou au gaz, pellets, bois, Hybride\/PAC, Pompe \u00e0 chaleur, climatisation, etc.<\/strong><\/h2>\n\n\n\n<p class=\"has-text-align-center has-text-color\" style=\"color:#0206ff\">Nous intervenons aussi sur les chaudi\u00e8res gaz <a href=\"https:\/\/www.berrand-sarl.fr\/EnR\/chaudiere-tres-haute-performance-energetique-condensation\/\">condensation<\/a>, chaudi\u00e8res <a href=\"https:\/\/www.berrand-sarl.fr\/EnR\/chauffage-au-fioul-domestique\/\">fioul<\/a> condensation, <a href=\"https:\/\/www.berrand-sarl.fr\/EnR\/chaudiere-a-granules-de-bois-pellets\/\">granul\u00e9s<\/a>, <a href=\"https:\/\/www.berrand-sarl.fr\/EnR\/chaudiere-a-granules-de-bois-pellets\/\">bois<\/a>, <a href=\"https:\/\/www.berrand-sarl.fr\/EnR\/la-pompe-a-chaleur\/\">Pompe \u00e0 chaleur<\/a> comme sur vos anciens appareils. La qualit\u00e9 de nos techniciens de maintenance est tr\u00e8s appr\u00e9ci\u00e9e. Ils ont toutes les comp\u00e9tences et le <a href=\"https:\/\/www.berrand-sarl.fr\/EnR\/nos-activites\/\">savoir faire<\/a> pour rendre votre installation la plus &#8220;verte&#8221; possible et lui assurer un parfait fonctionnement dans l&#8217;esprit du <strong><a href=\"https:\/\/www.insee.fr\/fr\/metadonnees\/definition\/c1644\">d\u00e9veloppement durable<\/a><\/strong> .<\/p>\n\n\n\n<div style=\"height:20px\" aria-hidden=\"true\" class=\"wp-block-spacer\"><\/div>\n\n\n\n<figure class=\"wp-block-video aligncenter\"><video controls poster=\"https:\/\/www.berrand-sarl.fr\/EnR\/wp-content\/uploads\/2024\/10\/metier-vert.jpg\" src=\"https:\/\/www.berrand-sarl.fr\/Videos\/Technicien_maintenance_chauffage.mp4\"><\/video><\/figure>\n\n\n<div id=\"obj11002\" class=\"css61\">\n<p style=\"text-align: center;\"><span style=\"color: #800080;\"><strong><span style=\"font-size: inherit;\">Comme vu dans les pages pr\u00e9c\u00e9dentes relatives au <a href=\"https:\/\/www.berrand-sarl.fr\/EnR\/chauffage-central-a-eau-chaude\/\">chauffage<\/a>, notre entreprise est tr\u00e8s attach\u00e9e au service apr\u00e8s vente de vos installations.<\/span><\/strong><\/span><\/p>\n<\/div>\n<p class=\"css18\"><span class=\"css37\">Conform\u00e9ment aux divers <\/span><strong>textes l\u00e9gislatifs r\u00e9glementaires<\/strong><span class=\"css37\">, (<\/span>Arr\u00eat\u00e9 du 15 septembre 2009) <span class=\"css37\">nous sommes en mesure de vous pr\u00e9senter ces contrats d&#8217;entretien pour votre chaudi\u00e8re personnelle, quelle que soit l&#8217;\u00e9nergie employ\u00e9e pour vous chauffer et bien s\u00fbr d&#8217;en assurer parfaitement les travaux.<\/span><\/p>\n<p class=\"css18\"><span class=\"css37\">Afin que votre chaudi\u00e8re vous apporte enti\u00e8re satisfaction et dure de nombreuses ann\u00e9es, nous vous invitons \u00e0 souscrire un <a href=\"https:\/\/www.berrand-sarl.fr\/EnR\/contacter\/\"><strong>contrat d&#8217;abonnement<\/strong><\/a> dont les conditions g\u00e9n\u00e9rales et particuli\u00e8res sont d\u00e9taill\u00e9es dans les documents originaux du contrat d&#8217;entretien. <\/span><\/p>\n\n\n<div class=\"wp-block-columns is-layout-flex wp-container-core-columns-is-layout-9d6595d7 wp-block-columns-is-layout-flex\">\n<div class=\"wp-block-column is-layout-flow wp-block-column-is-layout-flow\"><div class=\"wp-block-image\">\n<figure class=\"aligncenter size-large is-resized\"><a href=\"https:\/\/www.berrand-sarl.fr\/Entreprise\/contrat_entretien\/FIOUL.pdf\"><img loading=\"lazy\" decoding=\"async\" width=\"175\" height=\"235\" src=\"https:\/\/www.berrand-sarl.fr\/EnR\/wp-content\/uploads\/2019\/04\/contrat-fioul.1538.jpg\" alt=\"Sp\u00e9cimen contrat entretien fioul\" class=\"wp-image-1611\" style=\"width:175px;height:235px\"\/><\/a><figcaption class=\"wp-element-caption\">Cliquez pour agrandir<\/figcaption><\/figure>\n<\/div><\/div>\n\n\n\n<div class=\"wp-block-column is-layout-flow wp-block-column-is-layout-flow\"><div class=\"wp-block-image\">\n<figure class=\"aligncenter size-large is-resized\"><a href=\"https:\/\/www.berrand-sarl.fr\/Entreprise\/contrat_entretien\/GAZ.pdf\"><img loading=\"lazy\" decoding=\"async\" width=\"175\" height=\"248\" src=\"https:\/\/www.berrand-sarl.fr\/EnR\/wp-content\/uploads\/2019\/04\/contrat-gaz.1539.jpg\" alt=\"Sp\u00e9cimen contrat entretien gaz\" class=\"wp-image-1612\" style=\"width:175px;height:248px\"\/><\/a><figcaption class=\"wp-element-caption\">Cliquez pour agrandir<\/figcaption><\/figure>\n<\/div><\/div>\n<\/div>\n\n\n\n<div class=\"wp-block-buttons alignwide is-content-justification-center is-layout-flex wp-container-core-buttons-is-layout-16018d1d wp-block-buttons-is-layout-flex\">\n<div class=\"wp-block-button has-custom-width wp-block-button__width-75 is-style-fill\"><a class=\"wp-block-button__link has-white-color has-text-color has-background has-link-color wp-element-button\" href=\"https:\/\/www.berrand-sarl.fr\/EnR\/contacter\/\" style=\"border-radius:16px;background-color:#0e7810\"><strong>Demandez nous une intervention d&#8217;entretien chauffage<\/strong><\/a><\/div>\n<\/div>\n\n\n\n<hr class=\"wp-block-separator\"\/>\n\n\n\n<h2 class=\"wp-block-heading has-text-align-center has-vivid-purple-color has-text-color\">Ce contrat est conforme \u00e0 la norme AFNOR X 50-011<\/h2>\n\n\n\n<p> Elabor\u00e9e notamment par l&#8217;<strong><a href=\"https:\/\/www.inc-conso.fr\/\">Institut National de la Consommation<\/a>,<\/strong> les <a href=\"https:\/\/www.capeb.fr\/haute-vienne\"><strong>Organisations Professionnelles<\/strong><\/a> et <strong><a href=\"https:\/\/www.atout-gaz.com\/IMG\/pdf\/Norme_X50_011.pdf\">l&#8217;AFNOR<\/a>.<\/strong> Ce contrat offre donc une garantie de s\u00e9rieux et de tranquillit\u00e9. Pour votre s\u00e9curit\u00e9 et votre confort, contactez nous pour votre entretien de chaudi\u00e8re, la loi, le r\u00e8glement sanitaire d\u00e9partemental ainsi que votre assurance vous y obligent. Trouvez notre <a href=\"https:\/\/www.berrand-sarl.fr\/EnR\/contacter\/\">formulaire de contact<\/a> pour <strong><a href=\"https:\/\/www.berrand-sarl.fr\/EnR\/contacter\/\">VOUS ABONNEZ<\/a>&#8230; <\/strong><\/p>\n\n\n\n<h2 class=\"wp-block-heading has-text-align-center has-vivid-purple-color has-text-color\">Services ou prestations non compris dans un contrat d\u2019abonnement<\/h2>\n\n\n\n<ul class=\"wp-block-list\">\n<li><mark style=\"background-color:rgba(0, 0, 0, 0);color:#f60000\" class=\"has-inline-color\">Feront toutefois l\u2019objet d\u2019une <strong>facturation suppl\u00e9mentaire selon le tarif \u00ab d\u00e9pannage sur appel \u00bb<\/strong> en vigueur les demandes de d\u00e9pannage correspondant aux <a href=\"https:\/\/www.berrand-sarl.fr\/EnR\/lieux-dintervention\/\">interventions<\/a> suivantes :<\/mark><\/li>\n\n\n\n<li>Intervention ext\u00e9rieure \u00e0 la chaudi\u00e8re, sur le circuit hydraulique (<strong>fuites, appoints d\u2019eau<\/strong>) et sur les <strong>dispositifs \u00e9lectriques de l\u2019installation<\/strong> ;<\/li>\n\n\n\n<li>Intervention n\u00e9cessitant la vidange de l\u2019installation et\/ou le d\u00e9placement de la chaudi\u00e8re et\/ou le remplacement du corps de chauffe ou du ballon d\u2019eau chaude sanitaire ;<\/li>\n\n\n\n<li>R\u00e9fection du briquetage de la chaudi\u00e8re ;<\/li>\n\n\n\n<li>Entretien et nettoyage du (des) r\u00e9servoir(s) de fioul domestique ;<\/li>\n\n\n\n<li>R\u00e9paration d\u2019avaries ou de pannes dont les causes sont d\u2019une part celles \u00e9num\u00e9r\u00e9es en 3.5.3 du dit contrat et d\u2019autre part l\u2019utilisation d\u2019eau anormalement pollu\u00e9e ou de fioul domestique ne r\u00e9pondant pas aux sp\u00e9cifications administratives qui lui sont applicables ;<\/li>\n\n\n\n<li><strong><span class=\"highlight\">Intervention pour manque de fioul domestique ou d\u2019\u00e9lectricit\u00e9<\/span>,<\/strong> corrosion ou pr\u00e9sence d\u2019eau dans le(s) r\u00e9servoir(s) de fioul domestique ;<\/li>\n\n\n\n<li>D\u00e9tartrage des batteries et des ballons d\u2019eau chaude sanitaire ;<\/li>\n\n\n\n<li><strong><span class=\"highlight\">Mise en marche du chauffage en d\u00e9but de saison ou son extinction en fin de saison<\/span><\/strong>. Ceci pouvant \u00eatre l\u2019objet d\u2019une facturation en r\u00e9gie ou forfaitaire.<\/li>\n\n\n\n<li>D\u2019une mani\u00e8re g\u00e9n\u00e9rale, les interventions autres que celles pr\u00e9vues en 3.1 dans le cadre du d\u00e9pannage \u00e9ventuel.<\/li>\n<\/ul>\n\n\n\n<div style=\"height:33px\" aria-hidden=\"true\" class=\"wp-block-spacer\"><\/div>\n\n\n\n<figure class=\"wp-block-image size-full\"><img loading=\"lazy\" decoding=\"async\" width=\"800\" height=\"5\" src=\"https:\/\/www.berrand-sarl.fr\/EnR\/wp-content\/uploads\/2024\/10\/barre_rouge_mur.jpg\" alt=\"barre rouge \" class=\"wp-image-12114\" srcset=\"https:\/\/www.berrand-sarl.fr\/EnR\/wp-content\/uploads\/2024\/10\/barre_rouge_mur.jpg 800w, https:\/\/www.berrand-sarl.fr\/EnR\/wp-content\/uploads\/2024\/10\/barre_rouge_mur-300x2.jpg 300w, https:\/\/www.berrand-sarl.fr\/EnR\/wp-content\/uploads\/2024\/10\/barre_rouge_mur-768x5.jpg 768w, https:\/\/www.berrand-sarl.fr\/EnR\/wp-content\/uploads\/2024\/10\/barre_rouge_mur-660x5.jpg 660w, https:\/\/www.berrand-sarl.fr\/EnR\/wp-content\/uploads\/2024\/10\/barre_rouge_mur-600x5.jpg 600w\" sizes=\"auto, (max-width: 800px) 100vw, 800px\" \/><\/figure>\n\n\n\n<h2 class=\"wp-block-heading has-text-align-center has-vivid-purple-color has-text-color\"><strong>Mais qu&#8217;est-ce qu&#8217;un contrat d&#8217;entretien?<\/strong><\/h2>\n\n\n\n<p class=\"has-text-color\" style=\"color:#894a1d\"><strong><em>Un arr\u00eat\u00e9 minist\u00e9riel stipule qu&#8217;un contr\u00f4le par un professionnel de votre installation de chauffage (fioul ou gaz) doit \u00eatre effectu\u00e9 chaque ann\u00e9e.<br>A cet effet, il existe des contrats d&#8217;entretien pratiques et pas tr\u00e8s on\u00e9reux qui incluent :<\/em><\/strong><\/p>\n\n\n\n<ul class=\"wp-block-list\">\n<li>une visite d&#8217;entretien par an de votre installation<\/li>\n\n\n\n<li>les d\u00e9pannages tous les jours ouvrables aux heures de travail.<\/li>\n\n\n\n<li>une extension nettement plus ch\u00e8re peut donner en sus la gratuit\u00e9 des pi\u00e8ces.<\/li>\n<\/ul>\n\n\n\n<h3 class=\"wp-block-heading has-text-align-left has-text-color\" style=\"color:#4a00a3;font-size:23px\"><br><strong>Quels sont les avantages de souscrire un contrat d&#8217;entretien?<\/strong><\/h3>\n\n\n\n<ul class=\"wp-block-list\">\n<li>il co\u00fbte moins cher qu&#8217;une intervention au coup par coup,<\/li>\n\n\n\n<li>les interventions sont planifi\u00e9es \u00e0 l&#8217;avance et vous connaissez le technicien,<\/li>\n\n\n\n<li>le service de d\u00e9pannage est sans interruption toute l&#8217;ann\u00e9e,<\/li>\n\n\n\n<li>ce type de contrat \u00e9vite beaucoup de pannes,<\/li>\n\n\n\n<li>un contrat d&#8217;entretien est un gage de s\u00e9curit\u00e9 tant pour le mat\u00e9riel que pour les personnes,<\/li>\n\n\n\n<li>il augmente la dur\u00e9e de vie de votre chaudi\u00e8re,<\/li>\n\n\n\n<li>un contrat d&#8217;entretien apporte un rendement maximum, diminue la facture de l&#8217;\u00e9nergie ainsi que la pollution.<\/li>\n<\/ul>\n\n\n\n<p class=\"has-text-align-left has-text-color has-medium-font-size\" style=\"color:#4a00a3\"><br><strong>Comment se d\u00e9roule l&#8217;intervention du professionnel dans le cadre d&#8217;un contrat d&#8217;entretien d&#8217;une chaudi\u00e8re ?<\/strong><\/p>\n\n\n\n<ul class=\"wp-block-list\">\n<li>Un nettoyage complet car la combustion de gaz ou de fioul ou autres \u00e9nergies salissent,<\/li>\n\n\n\n<li>Un r\u00e9glage de l&#8217;installation,<\/li>\n\n\n\n<li>Le ramonage du <strong>conduit de fum\u00e9e obligatoire une fois par an<\/strong> si le conduit est naturel,<\/li>\n\n\n\n<li>Une mesure du taux de <a href=\"https:\/\/www.berrand-sarl.fr\/EnR\/attention-au-monoxyde-de-carbone\/\">monoxyde de carbone<\/a> d\u00e9gag\u00e9 pendant le fonctionnement dans la chaudi\u00e8re et dans le local<\/li>\n\n\n\n<li>Remise d&#8217;une attestation d&#8217;entretien obligatoire de l&#8217;appareil<\/li>\n<\/ul>\n\n\n\n<p class=\"has-text-align-center has-text-color\" style=\"color:#476ed1;font-size:25px\"><strong>Toutes ces op\u00e9rations doivent \u00eatre faites par la m\u00eame entreprise. <\/strong><\/p>\n\n\n\n<p class=\"has-text-color has-medium-font-size\" style=\"color:#4a00a3\"><strong>Le professionnel v\u00e9rifiera aussi:<\/strong><\/p>\n\n\n\n<ul class=\"wp-block-list\">\n<li>la conformit\u00e9 de l&#8217;installation,<\/li>\n\n\n\n<li>si les entr\u00e9es d&#8217;air ne sont pas obstru\u00e9es,<\/li>\n\n\n\n<li>si la d\u00e9pression au niveau de l&#8217;\u00e9vacuation est bonne,<\/li>\n\n\n\n<li>la combustion,<\/li>\n\n\n\n<li>les dispositifs de r\u00e9gulation et de <strong>s\u00e9curit\u00e9.<\/strong><\/li>\n<\/ul>\n\n\n\n<p class=\"has-text-align-center has-vivid-red-color has-text-color\" style=\"font-size:25px\"><strong>Les d\u00e9pannages se font \u00e0 la demande sur simple demande du client. <\/strong><\/p>\n\n\n\n<p class=\"has-text-align-center has-vivid-red-color has-text-color has-medium-font-size\"><strong>Notre d\u00e9lai de r\u00e9ponse est &nbsp;privil\u00e9gi\u00e9 lorsque un contrat d\u2019entretien est en vigueur, offrant ainsi une intervention beaucoup plus rapide par rapport \u00e0 une r\u00e9paration effectu\u00e9e hors contrat.<\/strong><\/p>\n\n\n<div class=\"wp-block-image is-style-rounded\">\n<figure class=\"alignright size-full\" id=\"Haut_de_page\"><a href=\"#\"><img loading=\"lazy\" decoding=\"async\" width=\"40\" height=\"40\" src=\"https:\/\/www.berrand-sarl.fr\/EnR\/wp-content\/uploads\/2026\/04\/haut-page.jpg\" alt=\"Bouton haut page\" class=\"wp-image-15961\" title=\"Bouton vers haut de page\"\/><\/a><\/figure>\n<\/div>","protected":false},"excerpt":{"rendered":"<p>Nous intervenons aussi sur les chaudi\u00e8res gaz condensation, chaudi\u00e8res fioul condensation comme sur vos anciens appareils.<\/p>\n","protected":false},"author":1,"featured_media":0,"parent":0,"menu_order":0,"comment_status":"closed","ping_status":"closed","template":"","meta":{"_seopress_robots_primary_cat":"","_seopress_titles_title":"Nous d\u00e9pannons et entretenons toutes marques","_seopress_titles_desc":"Nous sommes en mesure de vous pr\u00e9senter un contrat d'entretien pour votre chaudi\u00e8re quelle que soit l'\u00e9nergie employ\u00e9e","_seopress_robots_index":"","_themeisle_gutenberg_block_has_review":false,"footnotes":""},"class_list":["post-1601","page","type-page","status-publish","hentry"],"_links":{"self":[{"href":"https:\/\/www.berrand-sarl.fr\/EnR\/wp-json\/wp\/v2\/pages\/1601","targetHints":{"allow":["GET"]}}],"collection":[{"href":"https:\/\/www.berrand-sarl.fr\/EnR\/wp-json\/wp\/v2\/pages"}],"about":[{"href":"https:\/\/www.berrand-sarl.fr\/EnR\/wp-json\/wp\/v2\/types\/page"}],"author":[{"embeddable":true,"href":"https:\/\/www.berrand-sarl.fr\/EnR\/wp-json\/wp\/v2\/users\/1"}],"replies":[{"embeddable":true,"href":"https:\/\/www.berrand-sarl.fr\/EnR\/wp-json\/wp\/v2\/comments?post=1601"}],"version-history":[{"count":0,"href":"https:\/\/www.berrand-sarl.fr\/EnR\/wp-json\/wp\/v2\/pages\/1601\/revisions"}],"wp:attachment":[{"href":"https:\/\/www.berrand-sarl.fr\/EnR\/wp-json\/wp\/v2\/media?parent=1601"}],"curies":[{"name":"wp","href":"https:\/\/api.w.org\/{rel}","templated":true}]}}