{"id":1484,"date":"2024-12-06T18:02:12","date_gmt":"2024-12-06T17:02:12","guid":{"rendered":"https:\/\/www.berrand-sarl.fr\/EnR\/?page_id=1484"},"modified":"2026-04-14T11:58:21","modified_gmt":"2026-04-14T09:58:21","slug":"trouver-lentreprise-berrand-sarl-facilement","status":"publish","type":"page","link":"https:\/\/www.berrand-sarl.fr\/EnR\/trouver-lentreprise-berrand-sarl-facilement\/","title":{"rendered":"Coordonn\u00e9es de BERRAND sarl"},"content":{"rendered":"<div class=\"wp-block-image is-style-rounded\">\n<figure class=\"alignright size-full is-resized\" id=\"-Haut_de_page\"><a href=\"#Haut_de_page\" rel=\"Bouton haut page\"><img loading=\"lazy\" decoding=\"async\" width=\"40\" height=\"40\" src=\"https:\/\/www.berrand-sarl.fr\/EnR\/wp-content\/uploads\/2026\/04\/bas-page.jpg\" alt=\"Bouton bas page\" class=\"wp-image-15962\" style=\"width:40px;height:auto\" title=\"Vers bas de page\"\/><\/a><\/figure>\n<\/div>\n\n\n<h2 class=\"wp-block-heading has-text-align-center has-vivid-purple-color has-text-color has-large-font-size\">Comment nous contacter<\/h2>\n\n\n\n<p class=\"has-text-align-center has-text-color has-link-color has-medium-font-size wp-elements-1bad79829468073180dab08e7efbe0b1\" style=\"color:#2a7d17\"><strong><a href=\"https:\/\/www.verneuil-sur-vienne.fr\/\">Verneuil sur Vienne<\/a> fait partie de la Communaut\u00e9 urbaine \u00ab\u00a0<a href=\"https:\/\/www.agglo-limoges.fr\/\">Limoges M\u00e9tropole<\/a>\u00ab\u00a0. Situ\u00e9e \u00e0 7 kms de Limoges. Direction : A\u00e9roport Limoges Bellegarde, sur la RN 141 en direction d&rsquo;Angoul\u00eame<\/strong>.<\/p>\n\n\n\n<h2 class=\"wp-block-heading has-text-align-center has-vivid-purple-color has-text-color has-medium-font-size\"><strong>Cliquez sur l&rsquo;image ci-dessous pour agrandir le plan, nous sommes l\u00e0:<\/strong><\/h2>\n\n\n\n<figure class=\"wp-block-image size-large\"><a href=\"https:\/\/www.google.com\/maps\/place\/45%C2%B050'55.8%22N+1%C2%B008'04.4%22E\/@45.84883,1.1319671,17z\/data=!3m1!4b1!4m4!3m3!8m2!3d45.84883!4d1.134542?entry=ttu\"><img loading=\"lazy\" decoding=\"async\" width=\"1024\" height=\"624\" src=\"https:\/\/www.berrand-sarl.fr\/EnR\/wp-content\/uploads\/2024\/03\/berrand.sarl_.maps_-1024x624.jpg\" alt=\"berrand.sarl .maps \" class=\"wp-image-11467\" srcset=\"https:\/\/www.berrand-sarl.fr\/EnR\/wp-content\/uploads\/2024\/03\/berrand.sarl_.maps_-1024x624.jpg 1024w, https:\/\/www.berrand-sarl.fr\/EnR\/wp-content\/uploads\/2024\/03\/berrand.sarl_.maps_-300x183.jpg 300w, https:\/\/www.berrand-sarl.fr\/EnR\/wp-content\/uploads\/2024\/03\/berrand.sarl_.maps_-768x468.jpg 768w, https:\/\/www.berrand-sarl.fr\/EnR\/wp-content\/uploads\/2024\/03\/berrand.sarl_.maps_-1320x805.jpg 1320w, https:\/\/www.berrand-sarl.fr\/EnR\/wp-content\/uploads\/2024\/03\/berrand.sarl_.maps_.jpg 1401w\" sizes=\"auto, (max-width: 1024px) 100vw, 1024px\" \/><\/a><\/figure>\n\n\n\n<h3 class=\"wp-block-heading has-text-align-center has-vivid-purple-color has-text-color\" style=\"font-size:31px\">\u2022 Par t\u00e9l\u00e9phone au bureau:<\/h3>\n\n\n\n<h3 class=\"wp-block-heading has-text-align-center\" style=\"font-size:18px\"><strong>R\u00e9pondeur en cas&nbsp; d&rsquo;absence<\/strong>.<\/h3>\n\n\n\n<h3 class=\"wp-block-heading has-text-align-center has-vivid-red-color has-text-color\" style=\"font-size:18px\">un seule ligne : <strong>05 55 00 14 99<\/strong><\/h3>\n\n\n<div class=\"wp-block-image\">\n<figure class=\"aligncenter size-large is-resized\"><img loading=\"lazy\" decoding=\"async\" width=\"126\" height=\"84\" src=\"https:\/\/www.berrand-sarl.fr\/EnR\/wp-content\/uploads\/2021\/05\/Telephone-rouge.gif\" alt=\"Allo, allo\" class=\"wp-image-7253\" style=\"width:126px;height:84px\"\/><\/figure>\n<\/div>\n\n\n<p style=\"font-size:18px\">\u2022 Le fax \u00e9tant d&rsquo;une autre \u00e8re, n&rsquo;est plus utilis\u00e9 chez nous!<\/p>\n\n\n\n<p style=\"font-size:18px\">\u2022 Le num\u00e9ro du portable reste encore discret&#8230; question de principe!<\/p>\n\n\n\n<h3 class=\"wp-block-heading has-text-align-center has-vivid-purple-color has-text-color\" style=\"font-size:18px\">\u2022 Ici, sur internet, gr\u00e2ce au formulaire onglet: <strong><a href=\"https:\/\/www.berrand-sarl.fr\/EnR\/contacter\/\">CONTACT<\/a><\/strong><\/h3>\n\n\n\n<ul class=\"wp-block-list\">\n<li style=\"font-size:18px\"><strong>Par courrier, notre petit(e) facteur(trice) nous le portera \u00e0 cette adresse :<\/strong><\/li>\n<\/ul>\n\n\n\n<div class=\"wp-block-group\"><div class=\"wp-block-group__inner-container is-layout-flow wp-block-group-is-layout-flow\">\n<div class=\"wp-block-group\"><div class=\"wp-block-group__inner-container is-layout-flow wp-block-group-is-layout-flow\">\n<div class=\"wp-block-group has-text-color\" style=\"color:#3ea51e\"><div class=\"wp-block-group__inner-container is-layout-flow wp-block-group-is-layout-flow\">\n<div class=\"wp-block-group\"><div class=\"wp-block-group__inner-container is-layout-flow wp-block-group-is-layout-flow\">\n<p class=\"has-text-align-center has-medium-font-size\"><strong><em><span class=\"has-inline-color has-vivid-red-color\">Entreprise BERRAND sarl, <\/span><\/em><\/strong><\/p>\n\n\n\n<p class=\"has-text-align-center has-medium-font-size\"><strong><em><span class=\"has-inline-color has-vivid-red-color\">6 rue de Prasmounier <\/span><\/em><\/strong><\/p>\n\n\n\n<p class=\"has-text-align-center has-medium-font-size\"><strong><em><span class=\"has-inline-color has-vivid-red-color\">87430 &#8211; Verneuil sur Vienne. France<\/span><\/em><\/strong><\/p>\n<\/div><\/div>\n<\/div><\/div>\n<\/div><\/div>\n<\/div><\/div>\n\n\n\n<ul class=\"wp-block-list\">\n<li style=\"font-size:18px\">Par la route, \u00e0 notre entreprise. Plan en d\u00e9but de la page.<\/li>\n<\/ul>\n\n\n<div class=\"wp-block-image\">\n<figure class=\"aligncenter size-full is-resized\"><a href=\"https:\/\/www.berrand-sarl.fr\/images\/Images_Agrandies\/Atelier_depot_BERRAND_sarl.jpg\"><img loading=\"lazy\" decoding=\"async\" width=\"279\" height=\"257\" src=\"https:\/\/www.berrand-sarl.fr\/EnR\/wp-content\/uploads\/2019\/02\/Carte.gif\" alt=\"Carte zoom Verneuil sur Vienne\" class=\"wp-image-833\" style=\"width:279px;height:257px\"\/><\/a><figcaption class=\"wp-element-caption\">Carte zoom Verneuil sur Vienne<\/figcaption><\/figure>\n<\/div>\n\n\n<p class=\"has-text-align-center has-text-color\" style=\"color:#158618;font-size:18px\"><strong>Notre rayon d&rsquo;action se situe dans les toutes les communes environnantes <a href=\"https:\/\/www.berrand-sarl.fr\/EnR\/lieux-dintervention\/\">autour de Verneuil sur Vienne<\/a>, et entre 0 \u00e0 35 kilom\u00e8tres <a href=\"https:\/\/www.berrand-sarl.fr\/EnR\/lieux-dintervention\/\">autour de Limoges et son agglom\u00e9ration.<\/a><\/strong><\/p>\n\n\n\n<h4 class=\"wp-block-heading\" style=\"font-size:18px\">Des chantiers ponctuels peuvent nous amener \u00e0 nous d\u00e9placer au del\u00e0 du d\u00e9partement.<\/h4>\n\n\n\n<hr class=\"wp-block-separator\"\/>\n\n\n<div class=\"wp-block-image is-style-rounded\">\n<figure class=\"alignright size-full\" id=\"Haut_de_page\"><a href=\"#\"><img loading=\"lazy\" decoding=\"async\" width=\"40\" height=\"40\" src=\"https:\/\/www.berrand-sarl.fr\/EnR\/wp-content\/uploads\/2026\/04\/haut-page.jpg\" alt=\"Bouton haut page\" class=\"wp-image-15961\" title=\"Bouton vers haut de page\"\/><\/a><\/figure>\n<\/div>","protected":false},"excerpt":{"rendered":"<p>T\u00e9l\u00e9phone au bureau. R\u00e9pondeur en cas  d&rsquo;absence, au: 05 55 00 14 99<br \/>\nSur internet, gr\u00e2ce au formulaire onglet: CONTACT<\/p>\n","protected":false},"author":1,"featured_media":0,"parent":0,"menu_order":0,"comment_status":"closed","ping_status":"closed","template":"","meta":{"_seopress_robots_primary_cat":"","_seopress_titles_title":"Coordonn\u00e9es de BERRAND sarl, nous trouver facilement","_seopress_titles_desc":"Pour les chaudi\u00e8res de chauffage central fioul, gaz, etc, nous proposons des contrats d'entretien annuels pour ces installations pour notre client\u00e8le","_seopress_robots_index":"","_themeisle_gutenberg_block_has_review":false,"footnotes":""},"class_list":["post-1484","page","type-page","status-publish","hentry"],"_links":{"self":[{"href":"https:\/\/www.berrand-sarl.fr\/EnR\/wp-json\/wp\/v2\/pages\/1484","targetHints":{"allow":["GET"]}}],"collection":[{"href":"https:\/\/www.berrand-sarl.fr\/EnR\/wp-json\/wp\/v2\/pages"}],"about":[{"href":"https:\/\/www.berrand-sarl.fr\/EnR\/wp-json\/wp\/v2\/types\/page"}],"author":[{"embeddable":true,"href":"https:\/\/www.berrand-sarl.fr\/EnR\/wp-json\/wp\/v2\/users\/1"}],"replies":[{"embeddable":true,"href":"https:\/\/www.berrand-sarl.fr\/EnR\/wp-json\/wp\/v2\/comments?post=1484"}],"version-history":[{"count":7,"href":"https:\/\/www.berrand-sarl.fr\/EnR\/wp-json\/wp\/v2\/pages\/1484\/revisions"}],"predecessor-version":[{"id":16051,"href":"https:\/\/www.berrand-sarl.fr\/EnR\/wp-json\/wp\/v2\/pages\/1484\/revisions\/16051"}],"wp:attachment":[{"href":"https:\/\/www.berrand-sarl.fr\/EnR\/wp-json\/wp\/v2\/media?parent=1484"}],"curies":[{"name":"wp","href":"https:\/\/api.w.org\/{rel}","templated":true}]}}