{"id":1363,"date":"2025-04-23T09:17:56","date_gmt":"2025-04-23T07:17:56","guid":{"rendered":"https:\/\/www.berrand-sarl.fr\/EnR\/?page_id=1363"},"modified":"2026-02-28T10:31:42","modified_gmt":"2026-02-28T09:31:42","slug":"plan-site","status":"publish","type":"page","link":"https:\/\/www.berrand-sarl.fr\/EnR\/plan-site\/","title":{"rendered":"Plan du site"},"content":{"rendered":"\n<h2 class=\"wp-block-heading has-text-align-center has-vivid-purple-color has-text-color\"><strong>Toutes les pages du site <a href=\"https:\/\/www.berrand-sarl.fr\/EnR\/\">BERRAND SARL<\/a> sont ICI,<\/strong><\/h2>\n\n\n<div class=\"wp-block-image is-style-rounded\">\n<figure class=\"alignright size-full is-resized\" id=\"-Haut_de_page\"><a href=\"#Haut_de_page\" rel=\"Bouton haut page\"><img loading=\"lazy\" decoding=\"async\" width=\"40\" height=\"40\" src=\"https:\/\/www.berrand-sarl.fr\/EnR\/wp-content\/uploads\/2026\/04\/bas-page.jpg\" alt=\"Bouton bas page\" class=\"wp-image-15962\" style=\"width:40px;height:auto\" title=\"Vers bas de page\"\/><\/a><\/figure>\n<\/div>\n\n<div class=\"wp-block-image\">\n<figure class=\"alignright size-full\"><img loading=\"lazy\" decoding=\"async\" width=\"252\" height=\"256\" src=\"https:\/\/www.berrand-sarl.fr\/EnR\/wp-content\/uploads\/2025\/04\/Mario-vole.jpg\" alt=\"Mario vole\" class=\"wp-image-13991\"\/><\/figure>\n<\/div>\n\n<div class=\"wrap-html-sitemap sp-html-sitemap\"><div class=\"sp-wrap-cpt\"><h2 class=\"sp-cpt-name\">Pages<\/h2><ul class=\"sp-list-posts sp-cpt-hierarchical\"><li class=\"page_item page-item-2618\"><a href=\"https:\/\/www.berrand-sarl.fr\/EnR\/a-propos-de-nous\/\">A Propos de nous<\/a><\/li><li class=\"page_item page-item-14872\"><a href=\"https:\/\/www.berrand-sarl.fr\/EnR\/contrat-entretien-chauffage\/\">Acceptation d&#8217;envoi par courriel<\/a><\/li><li class=\"page_item page-item-33\"><a href=\"https:\/\/www.berrand-sarl.fr\/EnR\/\">Accueil<\/a><\/li><li class=\"page_item page-item-5482\"><a href=\"https:\/\/www.berrand-sarl.fr\/EnR\/credit-dimpot-transition-energetique\/\">Aides \u00e0 la r\u00e9novation \u00e9nerg\u00e9tique<\/a><\/li><li class=\"page_item page-item-2816\"><a href=\"https:\/\/www.berrand-sarl.fr\/EnR\/aspiration-centralisee\/\">Aspiration centralis\u00e9e des poussi\u00e8res de maison<\/a><\/li><li class=\"page_item page-item-6278\"><a href=\"https:\/\/www.berrand-sarl.fr\/EnR\/certifications-et-assurances\/\">Assurances et Certifications<\/a><\/li><li class=\"page_item page-item-7124\"><a href=\"https:\/\/www.berrand-sarl.fr\/EnR\/attestation-tva-mode-demploi\/\">Attestation de TVA<\/a><\/li><li class=\"page_item page-item-4792\"><a href=\"https:\/\/www.berrand-sarl.fr\/EnR\/canalisations-chauffage-central\/\">Canalisations chauffage central<\/a><\/li><li class=\"page_item page-item-702\"><a href=\"https:\/\/www.berrand-sarl.fr\/EnR\/capteur-tube-sous-vide\/\">Capteur tubes sous vide<\/a><\/li><li class=\"page_item page-item-280\"><a href=\"https:\/\/www.berrand-sarl.fr\/EnR\/capteurs-plans\/\">Capteurs Plans<\/a><\/li><li class=\"page_item page-item-6796\"><a href=\"https:\/\/www.berrand-sarl.fr\/EnR\/chaudiere-tres-haute-performance-energetique-condensation\/\">Chaudi\u00e8re \u00e0 Tr\u00e8s Haute Performance Energ\u00e9tique<\/a><\/li><li class=\"page_item page-item-9069\"><a href=\"https:\/\/www.berrand-sarl.fr\/EnR\/chaudiere-biofioul-f30-hybride\/\">Chaudi\u00e8re biofioul F10-F30, hybride PAC<\/a><\/li><li class=\"page_item page-item-4077\"><a href=\"https:\/\/www.berrand-sarl.fr\/EnR\/la-chaudiere-dite-ventouse\/\">Chaudi\u00e8re dite Ventouse<\/a><\/li><li class=\"page_item page-item-5786\"><a href=\"https:\/\/www.berrand-sarl.fr\/EnR\/chaudiere-a-granules-de-bois-pellets\/\">Chaudi\u00e8re granul\u00e9s bois<\/a><\/li><li class=\"page_item page-item-6398\"><a href=\"https:\/\/www.berrand-sarl.fr\/EnR\/chaudieres-connectees-et-pilotees-a-distance\/\">Chaudi\u00e8res connect\u00e9es<\/a><\/li><li class=\"page_item page-item-3212\"><a href=\"https:\/\/www.berrand-sarl.fr\/EnR\/chauffage-au-fioul-domestique\/\">Chauffage au fioul<\/a><\/li><li class=\"page_item page-item-1331\"><a href=\"https:\/\/www.berrand-sarl.fr\/EnR\/chauffage-central-a-eau-chaude\/\">Chauffage central eau chaude<\/a><\/li><li class=\"page_item page-item-3087\"><a href=\"https:\/\/www.berrand-sarl.fr\/EnR\/chauffage-au-gaz-naturel\/\">Chauffage gaz Naturel, Propane<\/a><\/li><li class=\"page_item page-item-1114\"><a href=\"https:\/\/www.berrand-sarl.fr\/EnR\/chauffage-solaire-thermique\/\">Chauffage Solaire Thermique<\/a><\/li><li class=\"page_item page-item-145\"><a href=\"https:\/\/www.berrand-sarl.fr\/EnR\/le-solaire-thermique-production-de-chaleur\/\">Chauffe Eau Solaire individuel<\/a><\/li><li class=\"page_item page-item-255\"><a href=\"https:\/\/www.berrand-sarl.fr\/EnR\/le-chauffe-eau-thermodynamique-aerothermie\/\">Chauffe-eau thermodynamique<\/a><\/li><li class=\"page_item page-item-4572\"><a href=\"https:\/\/www.berrand-sarl.fr\/EnR\/climatisation-des-locaux\/\">Climatisation des locaux<\/a><\/li><li class=\"page_item page-item-2344\"><a href=\"https:\/\/www.berrand-sarl.fr\/EnR\/comparatif-du-cout-des-energies-en-france\/\">Comparatif co\u00fbts des \u00e9nergies<\/a><\/li><li class=\"page_item page-item-6777\"><a href=\"https:\/\/www.berrand-sarl.fr\/EnR\/conditions-generales-de-vente\/\">Conditions g\u00e9n\u00e9rales de vente<\/a><\/li><li class=\"page_item page-item-641\"><a href=\"https:\/\/www.berrand-sarl.fr\/EnR\/contacter\/\">Contact : Formulaire<\/a><\/li><li class=\"page_item page-item-1484\"><a href=\"https:\/\/www.berrand-sarl.fr\/EnR\/trouver-lentreprise-berrand-sarl-facilement\/\">Coordonn\u00e9es de BERRAND sarl<\/a><\/li><li class=\"page_item page-item-9388\"><a href=\"https:\/\/www.berrand-sarl.fr\/EnR\/determination-dun-chauffe-eau-solaire-cesi\/\">D\u00e9termination d&#8217;un chauffe eau solaire (CESI)<\/a><\/li><li class=\"page_item page-item-5132\"><a href=\"https:\/\/www.berrand-sarl.fr\/EnR\/leau-chaude-par-chauffe-eau-solaire\/\">Eau chaude par chauffe-eau solaire<\/a><\/li><li class=\"page_item page-item-1601\"><a href=\"https:\/\/www.berrand-sarl.fr\/EnR\/entretien-de-chaudieres\/\">Entretien de chaudi\u00e8res<\/a><\/li><li class=\"page_item page-item-15664\"><a href=\"https:\/\/www.berrand-sarl.fr\/EnR\/flux-rss-berrand-sarl\/\">Flux RSS BERRAND SARL<\/a><\/li><li class=\"page_item page-item-8124\"><a href=\"https:\/\/www.berrand-sarl.fr\/EnR\/formulaire-abonnement-fil-dinfos\/\">Formulaire abonnement fil infos<\/a><\/li><li class=\"page_item page-item-3742\"><a href=\"https:\/\/www.berrand-sarl.fr\/EnR\/informations-legales\/\">Informations l\u00e9gales<\/a><\/li><li class=\"page_item page-item-8407\"><a href=\"https:\/\/www.berrand-sarl.fr\/EnR\/installation-deau\/\">Installation d&#8217;eau<\/a><\/li><li class=\"page_item page-item-3699\"><a href=\"https:\/\/www.berrand-sarl.fr\/EnR\/pompe-a-chaleur\/\">La pompe \u00e0 chaleur, ce n&#8217;est pas tout r\u00e9cent<\/a><\/li><li class=\"page_item page-item-2389\"><a href=\"https:\/\/www.berrand-sarl.fr\/EnR\/plancher-chauffant-basse-temperature-pcbt\/\">Le Plancher chauffant<\/a><\/li><li class=\"page_item page-item-4049\"><a href=\"https:\/\/www.berrand-sarl.fr\/EnR\/lieux-dintervention\/\">Lieux d&#8217;interventions<\/a><\/li><li class=\"page_item page-item-3867\"><a href=\"https:\/\/www.berrand-sarl.fr\/EnR\/ma_primerenov\/\">Ma Prime R\u00e9nov<\/a><\/li><li class=\"page_item page-item-1868\"><a href=\"https:\/\/www.berrand-sarl.fr\/EnR\/maisons-du-futurs\/\">Maisons du Futur<\/a><\/li><li class=\"page_item page-item-671\"><a href=\"https:\/\/www.berrand-sarl.fr\/EnR\/merci\/\">Merci<\/a><\/li><li class=\"page_item page-item-3029\"><a href=\"https:\/\/www.berrand-sarl.fr\/EnR\/nettoyage-et-protection-de-la-citerne-fioul\/\">Nettoyage citerne fioul, neutralisation<\/a><\/li><li class=\"page_item page-item-184\"><a href=\"https:\/\/www.berrand-sarl.fr\/EnR\/nos-activites\/\">Nos Activit\u00e9s<\/a><\/li><li class=\"page_item page-item-1363\"><a href=\"https:\/\/www.berrand-sarl.fr\/EnR\/plan-site\/\">Plan du site<\/a><\/li><li class=\"page_item page-item-241\"><a href=\"https:\/\/www.berrand-sarl.fr\/EnR\/plomberie-sanitaire\/\">Plomberie sanitaire<\/a><\/li><li class=\"page_item page-item-2318\"><a href=\"https:\/\/www.berrand-sarl.fr\/EnR\/les-poeles-a-bois-buches\/\">Po\u00eales bois b\u00fbches<\/a><\/li><li class=\"page_item page-item-4676\"><a href=\"https:\/\/www.berrand-sarl.fr\/EnR\/poeles-a-granules-de-bois\/\">Po\u00eales granul\u00e9s de bois<\/a><\/li><li class=\"page_item page-item-5\"><a href=\"https:\/\/www.berrand-sarl.fr\/EnR\/politique-de-confidentialite\/\">Politique de confidentialit\u00e9<\/a><\/li><li class=\"page_item page-item-3706\"><a href=\"https:\/\/www.berrand-sarl.fr\/EnR\/la-pompe-a-chaleur\/\">Pompe \u00e0 chaleur<\/a><\/li><li class=\"page_item page-item-12420\"><a href=\"https:\/\/www.berrand-sarl.fr\/EnR\/pompe-a-chaleur-geothermique\/\">Pompe \u00e0 chaleur g\u00e9othermique<\/a><\/li><li class=\"page_item page-item-8319\"><a href=\"https:\/\/www.berrand-sarl.fr\/EnR\/chaudiere-pac-hybride\/\">Pompe \u00e0 chaleur hybride gaz<\/a><\/li><li class=\"page_item page-item-10818\"><a href=\"https:\/\/www.berrand-sarl.fr\/EnR\/pompe-a-chaleur-teamao-frisquet-air-eau-couplee-a-une-chaudiere\/\">Pompe \u00e0 chaleur Teamao FRISQUET air\/eau coupl\u00e9e \u00e0 une chaudi\u00e8re<\/a><\/li><li class=\"page_item page-item-88\"><a href=\"https:\/\/www.berrand-sarl.fr\/EnR\/qui-sommes-nous\/\">Qui sommes nous : votre plombier chauffagiste<\/a><\/li><li class=\"page_item page-item-12917\"><a href=\"https:\/\/www.berrand-sarl.fr\/EnR\/retour-mail-attestation\/\">R\u00e9ception attestation d&#8217;entretien chauffage ou documents<\/a><\/li><li class=\"page_item page-item-2505\"><a href=\"https:\/\/www.berrand-sarl.fr\/EnR\/remplacer-une-chaudiere-fioul\/\">Remplacer une chaudi\u00e8re fioul<\/a><\/li><li class=\"page_item page-item-15037\"><a href=\"https:\/\/www.berrand-sarl.fr\/EnR\/retour-de-contrat-dentretien\/\">Retour de contrat d&#8217;entretien<\/a><\/li><li class=\"page_item page-item-9945\"><a href=\"https:\/\/www.berrand-sarl.fr\/EnR\/se-debarrasser-dune-cuve-a-fioul\/\">Se d\u00e9barrasser d&#8217;une cuve \u00e0 fioul\u00a0<\/a><\/li><li class=\"page_item page-item-2219\"><a href=\"https:\/\/www.berrand-sarl.fr\/EnR\/radiateurs-seche-serviettes\/\">S\u00e8che serviettes<\/a><\/li><li class=\"page_item page-item-11906\"><a href=\"https:\/\/www.berrand-sarl.fr\/EnR\/tarifs-entreprise\/\">Tarifs de base entreprise<\/a><\/li><li class=\"page_item page-item-2905\"><a href=\"https:\/\/www.berrand-sarl.fr\/EnR\/toilettes-wc\/\">Toilettes WC<\/a><\/li><li class=\"page_item page-item-4911\"><a href=\"https:\/\/www.berrand-sarl.fr\/EnR\/tube-acier-noir\/\">Tube acier noir<\/a><\/li><li class=\"page_item page-item-4830\"><a href=\"https:\/\/www.berrand-sarl.fr\/EnR\/tube-cuivre\/\">Tube cuivre<\/a><\/li><li class=\"page_item page-item-4853\"><a href=\"https:\/\/www.berrand-sarl.fr\/EnR\/tube-multicouches\/\">Tube multicouches<\/a><\/li><li class=\"page_item page-item-4885\"><a href=\"https:\/\/www.berrand-sarl.fr\/EnR\/tube-polyethylene-per\/\">Tube poly\u00e9thyl\u00e8ne PER<\/a><\/li><li class=\"page_item page-item-2020\"><a href=\"https:\/\/www.berrand-sarl.fr\/EnR\/ventilation-locaux\/\">Ventilation m\u00e9canique double Flux<\/a><\/li><li class=\"page_item page-item-2560\"><a href=\"https:\/\/www.berrand-sarl.fr\/EnR\/vmc-simple-flux\/\">Ventilation simple flux<\/a><\/li><\/ul><\/div><div class=\"sp-wrap-cpt\"><h2 class=\"sp-cpt-name\">Articles<\/h2><div class=\"sp-wrap-cats\"><div class=\"sp-wrap-cat\"><h3 class=\"sp-cat-name\"><a href=\"https:\/\/www.berrand-sarl.fr\/EnR\/nos-articles\/\">Vu, lu ou \u00e9crit pour vous<\/a><\/h3><ul class=\"sp-list-posts\"><li><a href=\"https:\/\/www.berrand-sarl.fr\/EnR\/abonnement-fil-infos\/\">Abonnement au fil d&#8217;infos.<\/a><\/li><li><a href=\"https:\/\/www.berrand-sarl.fr\/EnR\/attention-au-monoxyde-de-carbone\/\">Attention au monoxyde de carbone<\/a><\/li><li><a href=\"https:\/\/www.berrand-sarl.fr\/EnR\/conseil-canicule\/\">Canicule et fortes chaleurs<\/a><\/li><li><a href=\"https:\/\/www.berrand-sarl.fr\/EnR\/catalogues-appareils-sanitaires\/\">Catalogues appareils sanitaires<\/a><\/li><li><a href=\"https:\/\/www.berrand-sarl.fr\/EnR\/decouvrez-les-commandes-de-chasse-deau-wc-sans-contact\/\">Commandes de chasse d&#8217;eau WC<\/a><\/li><li><a href=\"https:\/\/www.berrand-sarl.fr\/EnR\/conscience-professionnelle\/\">Conscience professionnelle<\/a><\/li><li><a href=\"https:\/\/www.berrand-sarl.fr\/EnR\/dernieres-actualites\/\">Derni\u00e8res actualit\u00e9s<\/a><\/li><li><a href=\"https:\/\/www.berrand-sarl.fr\/EnR\/energies-renouvelables\/\">Energies renouvelables<\/a><\/li><li><a href=\"https:\/\/www.berrand-sarl.fr\/EnR\/la-presse-parle-de-nous\/\">La presse parle de nous<\/a><\/li><li><a href=\"https:\/\/www.berrand-sarl.fr\/EnR\/le-chauffage-au-bois-dangereux-pour-la-sante\/\">Le chauffage au bois, dangereux pour la sant\u00e9?<\/a><\/li><li><a href=\"https:\/\/www.berrand-sarl.fr\/EnR\/maintenance-des-pompe-a-chaleur\/\">Maintenance des Pompes \u00e0 chaleur<\/a><\/li><li><a href=\"https:\/\/www.berrand-sarl.fr\/EnR\/presse-et-television\/\">Presse, t\u00e9l\u00e9vision et Nous<\/a><\/li><li><a href=\"https:\/\/www.berrand-sarl.fr\/EnR\/https-www-berrand-sarl-fr-enr-ramonage-vos-obligations-face-aux-assurances\/\">Ramonage : vos obligations face aux assurances<\/a><\/li><li><a href=\"https:\/\/www.berrand-sarl.fr\/EnR\/surproduction-electrique-et-transitions-thermiques\/\">Surproduction \u00e9lectrique et transitions thermiques<\/a><\/li><li><a href=\"https:\/\/www.berrand-sarl.fr\/EnR\/traitements-des-boues-dans-le-chauffage\/\">Traitements des boues<\/a><\/li><li><a href=\"https:\/\/www.berrand-sarl.fr\/EnR\/interdiction-de-lutilisation-des-tubes-souples-en-gaz-naturel\/\">Tubes souples gaz interdits<\/a><\/li><li><a href=\"https:\/\/www.berrand-sarl.fr\/EnR\/un-litre-sur-cinq-deau-potable-perdu-dans-des-fuites-en-france\/\">Un litre sur cinq d\u2019eau potable<\/a><\/li><\/ul><\/div><\/div><\/div><\/div>\n\n\n<div class=\"wp-block-image\">\n<figure class=\"alignright size-full is-resized\"><img loading=\"lazy\" decoding=\"async\" width=\"250\" height=\"526\" src=\"https:\/\/www.berrand-sarl.fr\/EnR\/wp-content\/uploads\/2025\/04\/caducee-plombier2.gif\" alt=\"Caduc\u00e9e du plombier\" class=\"wp-image-14000\" style=\"width:123px;height:auto\"\/><\/figure>\n<\/div>\n\n\n<h3 class=\"wp-block-heading has-text-align-center has-vivid-red-color has-text-color\"><em>Mais si vous ne trouvez pas ce que vous y cherchez, alors demandez le :<\/em><\/h3>\n\n\n\n<div class=\"wp-block-columns is-layout-flex wp-container-core-columns-is-layout-9d6595d7 wp-block-columns-is-layout-flex\">\n<div class=\"wp-block-column is-layout-flow wp-block-column-is-layout-flow\">\n<h3 class=\"wp-block-heading has-text-align-right\" id=\"block-18e792d5-cee1-4ff4-aa72-77cee98c6d74\"><a href=\"https:\/\/www.berrand-sarl.fr\/EnR\/contacter\/\">CONTACT :<\/a><\/h3>\n<\/div>\n\n\n\n<div class=\"wp-block-column is-layout-flow wp-block-column-is-layout-flow\">\n<figure class=\"wp-block-image size-large is-resized\"><a href=\"https:\/\/www.berrand-sarl.fr\/EnR\/contacter\/\"><img loading=\"lazy\" decoding=\"async\" width=\"120\" height=\"39\" src=\"https:\/\/www.berrand-sarl.fr\/EnR\/wp-content\/uploads\/2020\/11\/Bouton_Contactez-nous-edited.gif\" alt=\"Bouton Contactez-nous\" class=\"wp-image-5895\" style=\"width:173px;height:56px\"\/><\/a><\/figure>\n<\/div>\n<\/div>\n\n\n\n<div style=\"height:33px\" aria-hidden=\"true\" class=\"wp-block-spacer\"><\/div>\n\n\n<div class=\"wp-block-image is-style-rounded\">\n<figure class=\"alignright size-full\" id=\"Haut_de_page\"><a href=\"#\"><img loading=\"lazy\" decoding=\"async\" width=\"40\" height=\"40\" src=\"https:\/\/www.berrand-sarl.fr\/EnR\/wp-content\/uploads\/2026\/04\/haut-page.jpg\" alt=\"Bouton haut page\" class=\"wp-image-15961\" title=\"Bouton vers haut de page\"\/><\/a><\/figure>\n<\/div>","protected":false},"excerpt":{"rendered":"<p>Plan de notre site: Tout est l\u00e0, mais si vous ne trouvez pas ce que vous chercher, n&#8217;h\u00e9sitez pas \u00e0 nous laisser un message sur notre formulaire de contact<\/p>\n","protected":false},"author":1,"featured_media":13991,"parent":0,"menu_order":0,"comment_status":"closed","ping_status":"closed","template":"","meta":{"_seopress_robots_primary_cat":"","_seopress_titles_title":"Plan du site %%sep%% %%sitetitle%%","_seopress_titles_desc":"Plan du site : Tout est l\u00e0, mais si vous ne trouvez pas ce que vous chercher, n'h\u00e9sitez pas \u00e0 nous le demander.","_seopress_robots_index":"","_themeisle_gutenberg_block_has_review":false,"footnotes":""},"class_list":["post-1363","page","type-page","status-publish","has-post-thumbnail","hentry"],"_links":{"self":[{"href":"https:\/\/www.berrand-sarl.fr\/EnR\/wp-json\/wp\/v2\/pages\/1363","targetHints":{"allow":["GET"]}}],"collection":[{"href":"https:\/\/www.berrand-sarl.fr\/EnR\/wp-json\/wp\/v2\/pages"}],"about":[{"href":"https:\/\/www.berrand-sarl.fr\/EnR\/wp-json\/wp\/v2\/types\/page"}],"author":[{"embeddable":true,"href":"https:\/\/www.berrand-sarl.fr\/EnR\/wp-json\/wp\/v2\/users\/1"}],"replies":[{"embeddable":true,"href":"https:\/\/www.berrand-sarl.fr\/EnR\/wp-json\/wp\/v2\/comments?post=1363"}],"version-history":[{"count":0,"href":"https:\/\/www.berrand-sarl.fr\/EnR\/wp-json\/wp\/v2\/pages\/1363\/revisions"}],"wp:featuredmedia":[{"embeddable":true,"href":"https:\/\/www.berrand-sarl.fr\/EnR\/wp-json\/wp\/v2\/media\/13991"}],"wp:attachment":[{"href":"https:\/\/www.berrand-sarl.fr\/EnR\/wp-json\/wp\/v2\/media?parent=1363"}],"curies":[{"name":"wp","href":"https:\/\/api.w.org\/{rel}","templated":true}]}}