{"id":11906,"date":"2025-04-22T18:00:36","date_gmt":"2025-04-22T16:00:36","guid":{"rendered":"https:\/\/www.berrand-sarl.fr\/EnR\/?page_id=11906"},"modified":"2026-01-14T18:54:19","modified_gmt":"2026-01-14T17:54:19","slug":"tarifs-entreprise","status":"publish","type":"page","link":"https:\/\/www.berrand-sarl.fr\/EnR\/tarifs-entreprise\/","title":{"rendered":"Tarifs de base entreprise"},"content":{"rendered":"<div class=\"wp-block-image is-style-rounded\">\n<figure class=\"alignright size-full is-resized\" id=\"-Haut_de_page\"><a href=\"#Haut_de_page\" rel=\"Bouton haut page\"><img loading=\"lazy\" decoding=\"async\" width=\"40\" height=\"40\" src=\"https:\/\/www.berrand-sarl.fr\/EnR\/wp-content\/uploads\/2026\/04\/bas-page.jpg\" alt=\"Bouton bas page\" class=\"wp-image-15962\" style=\"width:40px;height:auto\" title=\"Vers bas de page\"\/><\/a><\/figure>\n<\/div>\n\n<div class=\"wp-block-image\">\n<figure class=\"aligncenter size-full is-resized\"><a href=\"https:\/\/www.berrand-sarl.fr\/Entreprise\/fichiers.pdf\/Tarifs_entreprise.pdf\"><img loading=\"lazy\" decoding=\"async\" width=\"700\" height=\"495\" src=\"https:\/\/www.berrand-sarl.fr\/EnR\/wp-content\/uploads\/2026\/01\/tarifs-entreprise-.jpg\" alt=\"Tarifs entreprise \" class=\"wp-image-14843\" style=\"aspect-ratio:1.4141544871997223;width:570px;height:auto\" srcset=\"https:\/\/www.berrand-sarl.fr\/EnR\/wp-content\/uploads\/2026\/01\/tarifs-entreprise-.jpg 700w, https:\/\/www.berrand-sarl.fr\/EnR\/wp-content\/uploads\/2026\/01\/tarifs-entreprise--300x212.jpg 300w\" sizes=\"auto, (max-width: 700px) 100vw, 700px\" \/><\/a><\/figure>\n<\/div>\n\n\n<h2 class=\"wp-block-heading has-text-align-center has-text-color has-link-color wp-elements-9394a1d98c6048f5c391a17a059012e3\" style=\"color:#f80202\"><strong>COPIE et UTILISATION INTERDITES  \u00ae<\/strong><\/h2>\n\n\n\n<h2 class=\"wp-block-heading has-text-align-center has-medium-font-size\">(Hors travaux sp\u00e9cifiques)<\/h2>\n\n\n\n<h3 class=\"wp-block-heading has-text-align-center o-typing-delay-500ms o-typing-slow has-text-color has-link-color has-medium-font-size wp-elements-074ba658e3a2f2804fd544ec615abb1a\" style=\"color:#180de4\"><o-anim-typing>Suppl\u00e9ment<\/o-anim-typing> apr\u00e8s 20h00, Dimanche et jours f\u00e9ri\u00e9s : + 65 % du temps d&#8217;intervention<\/h3>\n\n\n\n<blockquote class=\"wp-block-quote is-layout-flow wp-block-quote-is-layout-flow\">\n<p class=\"has-text-align-center has-text-color has-link-color has-medium-font-size wp-elements-3baa3b1d6f4d42b9939e5dfa117cf3f8\" style=\"color:#fb0101\"><strong>Ce tarif est susceptible de varier en cours d&#8217;ann\u00e9e en fonction des n\u00e9cessit\u00e9s de l&#8217;entreprise, des co\u00fbts r\u00e9els de main d&#8217;\u0153uvre et des changements \u00e9ventuels de taux de <a href=\"https:\/\/www.berrand-sarl.fr\/EnR\/attestation-tva-mode-demploi\/\">TVA<\/a> par l&#8217;Etat.<\/strong><\/p>\n<\/blockquote>\n\n\n<div class=\"wp-block-image\">\n<figure class=\"aligncenter size-large is-resized\"><a href=\"https:\/\/www.berrand-sarl.fr\/EnR\/contacter\/\"><img loading=\"lazy\" decoding=\"async\" src=\"https:\/\/www.berrand-sarl.fr\/EnR\/wp-content\/uploads\/2020\/11\/Bouton_Contactez-nous-edited.gif\" alt=\"Bouton Contactez-nous\" class=\"wp-image-5895\" width=\"173\" height=\"56\"\/><\/a><\/figure>\n<\/div>\n\n<div class=\"wp-block-image\">\n<figure class=\"aligncenter size-full\"><a href=\"https:\/\/www.berrand-sarl.fr\/EnR\/chauffage-solaire-thermique\/\"><img loading=\"lazy\" decoding=\"async\" width=\"1024\" height=\"768\" src=\"https:\/\/www.berrand-sarl.fr\/EnR\/wp-content\/uploads\/2025\/04\/solairesss-1024x768-1.jpg\" alt=\"Solaires compil\u00e9s\" class=\"wp-image-13618\" srcset=\"https:\/\/www.berrand-sarl.fr\/EnR\/wp-content\/uploads\/2025\/04\/solairesss-1024x768-1.jpg 1024w, https:\/\/www.berrand-sarl.fr\/EnR\/wp-content\/uploads\/2025\/04\/solairesss-1024x768-1-300x225.jpg 300w, https:\/\/www.berrand-sarl.fr\/EnR\/wp-content\/uploads\/2025\/04\/solairesss-1024x768-1-768x576.jpg 768w\" sizes=\"auto, (max-width: 1024px) 100vw, 1024px\" \/><\/a><\/figure>\n<\/div>\n\n\n<div style=\"height:33px\" aria-hidden=\"true\" class=\"wp-block-spacer\"><\/div>\n\n\n<div class=\"wp-block-image is-style-rounded\">\n<figure class=\"alignright size-full\" id=\"Haut_de_page\"><a href=\"#\"><img loading=\"lazy\" decoding=\"async\" width=\"40\" height=\"40\" src=\"https:\/\/www.berrand-sarl.fr\/EnR\/wp-content\/uploads\/2026\/04\/haut-page.jpg\" alt=\"Bouton haut page\" class=\"wp-image-15961\" title=\"Bouton vers haut de page\"\/><\/a><\/figure>\n<\/div>","protected":false},"excerpt":{"rendered":"<p>COPIE et UTILISATION INTERDITES \u00ae (Hors travaux sp\u00e9cifiques) Suppl\u00e9ment apr\u00e8s 20h00, Dimanche et jours f\u00e9ri\u00e9s : + 65 % du temps d&#8217;intervention Ce tarif est susceptible de varier en cours d&#8217;ann\u00e9e en fonction des n\u00e9cessit\u00e9s de l&#8217;entreprise, des co\u00fbts r\u00e9els&#8230; <\/p>\n","protected":false},"author":1,"featured_media":0,"parent":0,"menu_order":0,"comment_status":"closed","ping_status":"closed","template":"","meta":{"_seopress_robots_primary_cat":"","_seopress_titles_title":"Tarifs de base","_seopress_titles_desc":"Ce tarif est susceptible de varier en cours d\u2019ann\u00e9e en fonction des n\u00e9cessit\u00e9s de l\u2019entreprise...","_seopress_robots_index":"","_themeisle_gutenberg_block_has_review":false,"footnotes":""},"class_list":["post-11906","page","type-page","status-publish","hentry"],"_links":{"self":[{"href":"https:\/\/www.berrand-sarl.fr\/EnR\/wp-json\/wp\/v2\/pages\/11906","targetHints":{"allow":["GET"]}}],"collection":[{"href":"https:\/\/www.berrand-sarl.fr\/EnR\/wp-json\/wp\/v2\/pages"}],"about":[{"href":"https:\/\/www.berrand-sarl.fr\/EnR\/wp-json\/wp\/v2\/types\/page"}],"author":[{"embeddable":true,"href":"https:\/\/www.berrand-sarl.fr\/EnR\/wp-json\/wp\/v2\/users\/1"}],"replies":[{"embeddable":true,"href":"https:\/\/www.berrand-sarl.fr\/EnR\/wp-json\/wp\/v2\/comments?post=11906"}],"version-history":[{"count":0,"href":"https:\/\/www.berrand-sarl.fr\/EnR\/wp-json\/wp\/v2\/pages\/11906\/revisions"}],"wp:attachment":[{"href":"https:\/\/www.berrand-sarl.fr\/EnR\/wp-json\/wp\/v2\/media?parent=11906"}],"curies":[{"name":"wp","href":"https:\/\/api.w.org\/{rel}","templated":true}]}}